CRAN Package Check Results for Package VBsparsePCA

Last updated on 2023-01-26 06:53:11 CET.

Flavor Version Tinstall Tcheck Ttotal Status Flags
r-devel-linux-x86_64-debian-clang 0.1.0 2.09 42.88 44.97 NOTE
r-devel-linux-x86_64-debian-gcc 0.1.0 1.96 32.56 34.52 NOTE
r-devel-linux-x86_64-fedora-clang 0.1.0 57.32 NOTE
r-devel-linux-x86_64-fedora-gcc 0.1.0 55.88 NOTE
r-devel-windows-x86_64 0.1.0 12.00 67.00 79.00 NOTE
r-patched-linux-x86_64 0.1.0 2.68 41.01 43.69 NOTE
r-release-linux-x86_64 0.1.0 1.99 40.71 42.70 NOTE
r-release-macos-arm64 0.1.0 22.00 NOTE
r-release-macos-x86_64 0.1.0 29.00 NOTE
r-release-windows-x86_64 0.1.0 11.00 65.00 76.00 NOTE
r-oldrel-macos-arm64 0.1.0 25.00 NOTE
r-oldrel-macos-x86_64 0.1.0 42.00 NOTE
r-oldrel-windows-ix86+x86_64 0.1.0 7.00 66.00 73.00 NOTE

Check Details

Version: 0.1.0
Check: LazyData
Result: NOTE
     'LazyData' is specified without a 'data' directory
Flavors: r-devel-linux-x86_64-debian-clang, r-devel-linux-x86_64-debian-gcc, r-devel-linux-x86_64-fedora-clang, r-devel-linux-x86_64-fedora-gcc, r-devel-windows-x86_64, r-patched-linux-x86_64, r-release-linux-x86_64, r-release-macos-arm64, r-release-macos-x86_64, r-release-windows-x86_64, r-oldrel-macos-arm64, r-oldrel-macos-x86_64, r-oldrel-windows-ix86+x86_64

Version: 0.1.0
Check: dependencies in R code
Result: NOTE
    Namespace in Imports field not imported from: ‘MASS’
     All declared Imports should be used.
Flavors: r-devel-linux-x86_64-fedora-clang, r-devel-linux-x86_64-fedora-gcc, r-release-macos-arm64, r-release-macos-x86_64, r-oldrel-macos-arm64, r-oldrel-macos-x86_64