CRAN Package Check Results for Package V8

Last updated on 2022-12-06 07:54:29 CET.

Flavor Version Tinstall Tcheck Ttotal Status Flags
r-devel-linux-x86_64-debian-clang 4.2.2 28.86 43.45 72.31 OK
r-devel-linux-x86_64-debian-gcc 4.2.2 21.39 34.06 55.45 OK
r-devel-linux-x86_64-fedora-gcc 4.2.2 117.77 OK
r-devel-windows-x86_64 4.2.2 72.00 204.00 276.00 NOTE
r-patched-linux-x86_64 4.2.2 28.75 41.54 70.29 OK
r-release-linux-x86_64 4.2.2 26.01 40.55 66.56 OK
r-release-macos-arm64 4.2.2 59.00 NOTE
r-release-macos-x86_64 4.2.2 111.00 NOTE
r-release-windows-x86_64 4.2.2 64.00 207.00 271.00 NOTE
r-oldrel-macos-arm64 4.2.2 63.00 NOTE
r-oldrel-macos-x86_64 4.2.2 121.00 NOTE
r-oldrel-windows-ix86+x86_64 4.2.2 117.00 213.00 330.00 NOTE

Check Details

Version: 4.2.2
Check: installed package size
Result: NOTE
     installed size is 17.1Mb
     sub-directories of 1Mb or more:
     doc 1.7Mb
     libs 15.3Mb
Flavors: r-devel-windows-x86_64, r-release-macos-arm64, r-release-macos-x86_64, r-release-windows-x86_64, r-oldrel-macos-arm64, r-oldrel-macos-x86_64, r-oldrel-windows-ix86+x86_64