Last updated on 2023-02-04 08:01:31 CET.
Flavor | Version | Tinstall | Tcheck | Ttotal | Status | Flags |
---|---|---|---|---|---|---|
r-devel-linux-x86_64-debian-clang | 1.4.0 | 9.16 | 70.26 | 79.42 | NOTE | |
r-devel-linux-x86_64-debian-gcc | 1.4.0 | 7.01 | 52.12 | 59.13 | NOTE | |
r-devel-linux-x86_64-fedora-clang | 1.4.0 | 103.77 | NOTE | |||
r-devel-linux-x86_64-fedora-gcc | 1.4.0 | 200.75 | NOTE | |||
r-devel-windows-x86_64 | 1.4.0 | 27.00 | 101.00 | 128.00 | NOTE | |
r-patched-linux-x86_64 | 1.4.0 | 7.15 | 68.28 | 75.43 | NOTE | |
r-release-linux-x86_64 | 1.4.0 | 6.26 | 130.03 | 136.29 | NOTE | |
r-release-macos-arm64 | 1.4.0 | 58.00 | NOTE | |||
r-release-macos-x86_64 | 1.4.0 | 107.00 | NOTE | |||
r-release-windows-x86_64 | 1.4.0 | 28.00 | 183.00 | 211.00 | NOTE | |
r-oldrel-macos-arm64 | 1.4.0 | 86.00 | NOTE | |||
r-oldrel-macos-x86_64 | 1.4.0 | 101.00 | NOTE | |||
r-oldrel-windows-ix86+x86_64 | 1.4.0 | 19.00 | 99.00 | 118.00 | NOTE |
Version: 1.4.0
Check: LazyData
Result: NOTE
'LazyData' is specified without a 'data' directory
Flavors: r-devel-linux-x86_64-debian-clang, r-devel-linux-x86_64-debian-gcc, r-devel-linux-x86_64-fedora-clang, r-devel-linux-x86_64-fedora-gcc, r-devel-windows-x86_64, r-patched-linux-x86_64, r-release-linux-x86_64, r-release-macos-arm64, r-release-macos-x86_64, r-release-windows-x86_64, r-oldrel-macos-arm64, r-oldrel-macos-x86_64, r-oldrel-windows-ix86+x86_64
Version: 1.4.0
Check: installed package size
Result: NOTE
installed size is 8.1Mb
sub-directories of 1Mb or more:
doc 7.6Mb
Flavors: r-devel-linux-x86_64-fedora-clang, r-devel-windows-x86_64, r-release-macos-arm64, r-release-macos-x86_64, r-release-windows-x86_64, r-oldrel-macos-arm64, r-oldrel-macos-x86_64, r-oldrel-windows-ix86+x86_64