Last updated on 2023-02-01 06:56:29 CET.
Flavor | Version | Tinstall | Tcheck | Ttotal | Status | Flags |
---|---|---|---|---|---|---|
r-devel-linux-x86_64-debian-clang | 2.2.2 | 48.03 | 196.80 | 244.83 | NOTE | |
r-devel-linux-x86_64-debian-gcc | 2.2.2 | 40.38 | 147.16 | 187.54 | NOTE | |
r-devel-linux-x86_64-fedora-clang | 2.2.2 | 325.83 | NOTE | |||
r-devel-linux-x86_64-fedora-gcc | 2.2.2 | 346.71 | NOTE | |||
r-devel-windows-x86_64 | 2.2.2 | 100.00 | 561.00 | 661.00 | NOTE | |
r-patched-linux-x86_64 | 2.2.2 | 44.92 | 189.74 | 234.66 | OK | |
r-release-linux-x86_64 | 2.2.2 | 43.95 | 186.00 | 229.95 | OK | |
r-release-macos-arm64 | 2.2.2 | 136.00 | OK | |||
r-release-macos-x86_64 | 2.2.2 | 190.00 | OK | |||
r-release-windows-x86_64 | 2.2.2 | 154.00 | 289.00 | 443.00 | OK | |
r-oldrel-macos-arm64 | 2.2.2 | 163.00 | OK | |||
r-oldrel-macos-x86_64 | 2.2.2 | 186.00 | OK | |||
r-oldrel-windows-ix86+x86_64 | 2.2.2 | 123.00 | 448.00 | 571.00 | OK |
Version: 2.2.2
Check: C++ specification
Result: NOTE
Specified C++11: please update to current default of C++17
Flavors: r-devel-linux-x86_64-debian-clang, r-devel-linux-x86_64-debian-gcc, r-devel-linux-x86_64-fedora-clang, r-devel-linux-x86_64-fedora-gcc, r-devel-windows-x86_64
Version: 2.2.2
Check: package subdirectories
Result: NOTE
Problems with news in ‘NEWS.md’:
Cannot extract version info from the following section titles:
Changes
Flavors: r-devel-linux-x86_64-debian-clang, r-devel-linux-x86_64-debian-gcc, r-devel-linux-x86_64-fedora-clang, r-devel-linux-x86_64-fedora-gcc, r-devel-windows-x86_64