CRAN Package Check Results for Package TreeSearch

Last updated on 2024-02-27 07:55:03 CET.

Flavor Version Tinstall Tcheck Ttotal Status Flags
r-devel-linux-x86_64-debian-clang 1.4.0 49.45 415.40 464.85 OK
r-devel-linux-x86_64-debian-gcc 1.4.0 43.40 305.03 348.43 OK
r-devel-linux-x86_64-fedora-clang 1.4.0 570.25 OK
r-devel-linux-x86_64-fedora-gcc 1.4.0 596.15 OK
r-devel-windows-x86_64 1.4.0 50.00 326.00 376.00 NOTE
r-patched-linux-x86_64 1.4.0 51.88 402.71 454.59 OK
r-release-linux-x86_64 1.4.0 38.17 402.34 440.51 OK
r-release-macos-arm64 1.4.0 175.00 NOTE
r-release-macos-x86_64 1.4.0 366.00 NOTE
r-release-windows-x86_64 1.4.0 62.00 467.00 529.00 NOTE
r-oldrel-macos-arm64 1.4.0 155.00 NOTE
r-oldrel-windows-x86_64 1.4.0 62.00 396.00 458.00 NOTE

Check Details

Version: 1.4.0
Check: installed package size
Result: NOTE installed size is 5.6Mb sub-directories of 1Mb or more: datasets 1.6Mb doc 1.3Mb libs 1.1Mb Flavors: r-devel-windows-x86_64, r-release-macos-arm64, r-release-macos-x86_64, r-release-windows-x86_64, r-oldrel-macos-arm64, r-oldrel-windows-x86_64