Last updated on 2023-01-27 07:50:47 CET.
Flavor | Version | Tinstall | Tcheck | Ttotal | Status | Flags |
---|---|---|---|---|---|---|
r-devel-linux-x86_64-debian-clang | 0.1.0 | 8.51 | 83.11 | 91.62 | OK | |
r-devel-linux-x86_64-debian-gcc | 0.1.0 | 7.87 | 64.46 | 72.33 | OK | |
r-devel-linux-x86_64-fedora-clang | 0.1.0 | 115.34 | NOTE | |||
r-devel-linux-x86_64-fedora-gcc | 0.1.0 | 111.19 | NOTE | |||
r-devel-windows-x86_64 | 0.1.0 | 14.00 | 109.00 | 123.00 | OK | |
r-patched-linux-x86_64 | 0.1.0 | 7.58 | 81.96 | 89.54 | OK | |
r-release-linux-x86_64 | 0.1.0 | 9.74 | 83.09 | 92.83 | OK | |
r-release-macos-arm64 | 0.1.0 | 33.00 | NOTE | |||
r-release-macos-x86_64 | 0.1.0 | 67.00 | NOTE | |||
r-release-windows-x86_64 | 0.1.0 | 19.00 | 110.00 | 129.00 | OK | |
r-oldrel-macos-arm64 | 0.1.0 | 38.00 | NOTE | |||
r-oldrel-macos-x86_64 | 0.1.0 | 50.00 | NOTE | |||
r-oldrel-windows-ix86+x86_64 | 0.1.0 | 22.00 | 107.00 | 129.00 | OK |
Version: 0.1.0
Check: dependencies in R code
Result: NOTE
Namespace in Imports field not imported from: ‘Matrix’
All declared Imports should be used.
Flavors: r-devel-linux-x86_64-fedora-clang, r-devel-linux-x86_64-fedora-gcc, r-release-macos-arm64, r-release-macos-x86_64, r-oldrel-macos-arm64, r-oldrel-macos-x86_64