Last updated on 2023-01-30 09:54:28 CET.
Flavor | Version | Tinstall | Tcheck | Ttotal | Status | Flags |
---|---|---|---|---|---|---|
r-devel-linux-x86_64-debian-clang | 1.0.8 | 15.78 | 205.34 | 221.12 | NOTE | |
r-devel-linux-x86_64-debian-gcc | 1.0.8 | 12.00 | 159.82 | 171.82 | NOTE | |
r-devel-linux-x86_64-fedora-clang | 1.0.8 | 271.38 | NOTE | |||
r-devel-linux-x86_64-fedora-gcc | 1.0.8 | 293.45 | NOTE | |||
r-devel-windows-x86_64 | 1.0.8 | 52.00 | 252.00 | 304.00 | OK | |
r-patched-linux-x86_64 | 1.0.8 | 15.93 | 213.49 | 229.42 | NOTE | |
r-release-linux-x86_64 | 1.0.8 | 13.43 | 208.44 | 221.87 | NOTE | |
r-release-macos-arm64 | 1.0.8 | 96.00 | NOTE | |||
r-release-macos-x86_64 | 1.0.8 | 130.00 | NOTE | |||
r-release-windows-x86_64 | 1.0.8 | 38.00 | 258.00 | 296.00 | OK | |
r-oldrel-macos-arm64 | 1.0.8 | 86.00 | NOTE | |||
r-oldrel-macos-x86_64 | 1.0.8 | 133.00 | OK | |||
r-oldrel-windows-ix86+x86_64 | 1.0.8 | 40.00 | 300.00 | 340.00 | OK |
Version: 1.0.8
Check: package dependencies
Result: NOTE
Packages suggested but not available for checking:
'RGtk2', 'gWidgets2RGtk2'
Flavors: r-devel-linux-x86_64-debian-clang, r-devel-linux-x86_64-debian-gcc, r-devel-linux-x86_64-fedora-clang, r-devel-linux-x86_64-fedora-gcc, r-patched-linux-x86_64, r-release-linux-x86_64, r-release-macos-arm64, r-release-macos-x86_64, r-oldrel-macos-arm64