CRAN Package Check Results for Package TooManyCellsR

Last updated on 2023-02-07 07:54:17 CET.

Flavor Version Tinstall Tcheck Ttotal Status Flags
r-devel-linux-x86_64-debian-clang 0.1.1.0 2.01 24.74 26.75 NOTE
r-devel-linux-x86_64-debian-gcc 0.1.1.0 1.73 19.83 21.56 NOTE
r-devel-linux-x86_64-fedora-clang 0.1.1.0 37.63 NOTE
r-devel-linux-x86_64-fedora-gcc 0.1.1.0 33.59 NOTE
r-devel-windows-x86_64 0.1.1.0 12.00 54.00 66.00 NOTE
r-patched-linux-x86_64 0.1.1.0 1.98 25.30 27.28 NOTE
r-release-linux-x86_64 0.1.1.0 1.42 25.47 26.89 NOTE
r-release-macos-arm64 0.1.1.0 15.00 NOTE
r-release-macos-x86_64 0.1.1.0 29.00 NOTE
r-release-windows-x86_64 0.1.1.0 9.00 55.00 64.00 NOTE
r-oldrel-macos-arm64 0.1.1.0 21.00 NOTE
r-oldrel-macos-x86_64 0.1.1.0 22.00 NOTE
r-oldrel-windows-ix86+x86_64 0.1.1.0 6.00 51.00 57.00 NOTE

Check Details

Version: 0.1.1.0
Check: LazyData
Result: NOTE
     'LazyData' is specified without a 'data' directory
Flavors: r-devel-linux-x86_64-debian-clang, r-devel-linux-x86_64-debian-gcc, r-devel-linux-x86_64-fedora-clang, r-devel-linux-x86_64-fedora-gcc, r-devel-windows-x86_64, r-patched-linux-x86_64, r-release-linux-x86_64, r-release-macos-arm64, r-release-macos-x86_64, r-release-windows-x86_64, r-oldrel-macos-arm64, r-oldrel-macos-x86_64, r-oldrel-windows-ix86+x86_64

Version: 0.1.1.0
Check: dependencies in R code
Result: NOTE
    Namespaces in Imports field not imported from:
     ‘cowplot’ ‘ggplot2’ ‘jsonlite’
     All declared Imports should be used.
Flavors: r-devel-linux-x86_64-fedora-clang, r-devel-linux-x86_64-fedora-gcc, r-release-macos-arm64, r-release-macos-x86_64, r-oldrel-macos-arm64, r-oldrel-macos-x86_64