Last updated on 2023-02-06 06:52:12 CET.
Flavor | Version | Tinstall | Tcheck | Ttotal | Status | Flags |
---|---|---|---|---|---|---|
r-devel-linux-x86_64-debian-clang | 0.1.0 | 7.37 | 57.95 | 65.32 | OK | |
r-devel-linux-x86_64-debian-gcc | 0.1.0 | 3.79 | 43.60 | 47.39 | OK | |
r-devel-linux-x86_64-fedora-clang | 0.1.0 | 84.36 | NOTE | |||
r-devel-linux-x86_64-fedora-gcc | 0.1.0 | 87.65 | NOTE | |||
r-devel-windows-x86_64 | 0.1.0 | 19.00 | 88.00 | 107.00 | OK | |
r-patched-linux-x86_64 | 0.1.0 | 6.53 | 55.66 | 62.19 | OK | |
r-release-linux-x86_64 | 0.1.0 | 5.44 | 57.39 | 62.83 | OK | |
r-release-macos-arm64 | 0.1.0 | 28.00 | NOTE | |||
r-release-macos-x86_64 | 0.1.0 | 51.00 | NOTE | |||
r-release-windows-x86_64 | 0.1.0 | 22.00 | 201.00 | 223.00 | OK | |
r-oldrel-macos-arm64 | 0.1.0 | 26.00 | NOTE | |||
r-oldrel-macos-x86_64 | 0.1.0 | 39.00 | NOTE | |||
r-oldrel-windows-ix86+x86_64 | 0.1.0 | 17.00 | 90.00 | 107.00 | OK |
Version: 0.1.0
Check: dependencies in R code
Result: NOTE
Namespaces in Imports field not imported from:
‘MASS’ ‘base’ ‘graphics’ ‘janitor’ ‘rlang’ ‘utils’
All declared Imports should be used.
Flavors: r-devel-linux-x86_64-fedora-clang, r-devel-linux-x86_64-fedora-gcc, r-release-macos-arm64, r-release-macos-x86_64, r-oldrel-macos-arm64, r-oldrel-macos-x86_64