Last updated on 2023-02-06 06:52:11 CET.
Flavor | Version | Tinstall | Tcheck | Ttotal | Status | Flags |
---|---|---|---|---|---|---|
r-devel-linux-x86_64-debian-clang | 1.2.3 | 28.91 | 64.74 | 93.65 | NOTE | |
r-devel-linux-x86_64-debian-gcc | 1.2.3 | 25.87 | 50.50 | 76.37 | NOTE | |
r-devel-linux-x86_64-fedora-clang | 1.2.3 | 122.71 | NOTE | |||
r-devel-linux-x86_64-fedora-gcc | 1.2.3 | 132.70 | NOTE | |||
r-devel-windows-x86_64 | 1.2.3 | 165.00 | 174.00 | 339.00 | NOTE | |
r-patched-linux-x86_64 | 1.2.3 | 28.21 | 61.26 | 89.47 | OK | |
r-release-linux-x86_64 | 1.2.3 | 23.46 | 59.63 | 83.09 | OK | |
r-release-macos-arm64 | 1.2.3 | 44.00 | OK | |||
r-release-macos-x86_64 | 1.2.3 | 51.00 | OK | |||
r-release-windows-x86_64 | 1.2.3 | 102.00 | 305.00 | 407.00 | OK | |
r-oldrel-macos-arm64 | 1.2.3 | 49.00 | OK | |||
r-oldrel-macos-x86_64 | 1.2.3 | 68.00 | OK | |||
r-oldrel-windows-ix86+x86_64 | 1.2.3 | 67.00 | 107.00 | 174.00 | OK |
Version: 1.2.3
Check: C++ specification
Result: NOTE
Specified C++11: please update to current default of C++17
Flavors: r-devel-linux-x86_64-debian-clang, r-devel-linux-x86_64-debian-gcc, r-devel-linux-x86_64-fedora-clang, r-devel-linux-x86_64-fedora-gcc, r-devel-windows-x86_64