Last updated on 2023-03-25 07:02:35 CET.
Flavor | Version | Tinstall | Tcheck | Ttotal | Status | Flags |
---|---|---|---|---|---|---|
r-devel-linux-x86_64-debian-clang | 1.1 | 5.40 | 51.50 | 56.90 | NOTE | |
r-devel-linux-x86_64-debian-gcc | 1.1 | 4.33 | 38.62 | 42.95 | NOTE | |
r-devel-linux-x86_64-fedora-clang | 1.1 | 73.16 | NOTE | |||
r-devel-linux-x86_64-fedora-gcc | 1.1 | 68.93 | NOTE | |||
r-devel-windows-x86_64 | 1.1 | 32.00 | 79.00 | 111.00 | NOTE | |
r-patched-linux-x86_64 | 1.1 | 4.40 | 50.30 | 54.70 | NOTE | |
r-release-linux-x86_64 | 1.1 | 6.33 | 48.89 | 55.22 | NOTE | |
r-release-macos-arm64 | 1.1 | 16.00 | NOTE | |||
r-release-macos-x86_64 | 1.1 | 24.00 | NOTE | |||
r-release-windows-x86_64 | 1.1 | 23.00 | 78.00 | 101.00 | NOTE | |
r-oldrel-macos-arm64 | 1.1 | 22.00 | NOTE | |||
r-oldrel-macos-x86_64 | 1.1 | 30.00 | NOTE | |||
r-oldrel-windows-ix86+x86_64 | 1.1 | 14.00 | 75.00 | 89.00 | NOTE |
Version: 1.1
Check: LazyData
Result: NOTE
'LazyData' is specified without a 'data' directory
Flavors: r-devel-linux-x86_64-debian-clang, r-devel-linux-x86_64-debian-gcc, r-devel-linux-x86_64-fedora-clang, r-devel-linux-x86_64-fedora-gcc, r-devel-windows-x86_64, r-patched-linux-x86_64, r-release-linux-x86_64, r-release-macos-arm64, r-release-macos-x86_64, r-release-windows-x86_64, r-oldrel-macos-arm64, r-oldrel-macos-x86_64, r-oldrel-windows-ix86+x86_64