CRAN Package Check Results for Package TailClassifier

Last updated on 2023-01-26 06:53:10 CET.

Flavor Version Tinstall Tcheck Ttotal Status Flags
r-devel-linux-x86_64-debian-clang 0.1.0 2.09 29.14 31.23 OK
r-devel-linux-x86_64-debian-gcc 0.1.0 1.74 20.88 22.62 OK
r-devel-linux-x86_64-fedora-clang 0.1.0 39.02 NOTE
r-devel-linux-x86_64-fedora-gcc 0.1.0 36.85 NOTE
r-devel-windows-x86_64 0.1.0 12.00 58.00 70.00 OK
r-patched-linux-x86_64 0.1.0 2.15 29.02 31.17 OK
r-release-linux-x86_64 0.1.0 1.46 29.26 30.72 OK
r-release-macos-arm64 0.1.0 17.00 NOTE
r-release-macos-x86_64 0.1.0 27.00 NOTE
r-release-windows-x86_64 0.1.0 8.00 51.00 59.00 OK
r-oldrel-macos-arm64 0.1.0 18.00 NOTE
r-oldrel-macos-x86_64 0.1.0 21.00 NOTE
r-oldrel-windows-ix86+x86_64 0.1.0 6.00 54.00 60.00 OK

Check Details

Version: 0.1.0
Check: dependencies in R code
Result: NOTE
    Namespace in Imports field not imported from: ‘readr’
     All declared Imports should be used.
Flavors: r-devel-linux-x86_64-fedora-clang, r-devel-linux-x86_64-fedora-gcc, r-release-macos-arm64, r-release-macos-x86_64, r-oldrel-macos-arm64, r-oldrel-macos-x86_64