Last updated on 2023-12-03 08:50:26 CET.
Flavor | Version | Tinstall | Tcheck | Ttotal | Status | Flags |
---|---|---|---|---|---|---|
r-devel-linux-x86_64-debian-clang | 2.0.0 | 8.87 | 68.78 | 77.65 | NOTE | |
r-devel-linux-x86_64-debian-gcc | 2.0.0 | 6.18 | 54.33 | 60.51 | NOTE | |
r-devel-linux-x86_64-fedora-clang | 2.0.0 | 96.88 | NOTE | |||
r-devel-linux-x86_64-fedora-gcc | 2.0.0 | 92.62 | NOTE | |||
r-devel-windows-x86_64 | 2.0.0 | 7.00 | 74.00 | 81.00 | NOTE | |
r-patched-linux-x86_64 | 2.0.0 | 8.91 | 67.71 | 76.62 | NOTE | |
r-release-linux-x86_64 | 2.0.0 | 5.52 | 67.33 | 72.85 | NOTE | |
r-release-macos-arm64 | 2.0.0 | 30.00 | NOTE | |||
r-release-macos-x86_64 | 2.0.0 | 53.00 | NOTE | |||
r-release-windows-x86_64 | 2.0.0 | 10.00 | 228.00 | 238.00 | NOTE | |
r-oldrel-macos-arm64 | 2.0.0 | 33.00 | OK | |||
r-oldrel-macos-x86_64 | 2.0.0 | 47.00 | OK | |||
r-oldrel-windows-x86_64 | 2.0.0 | 9.00 | 83.00 | 92.00 | OK |
Version: 2.0.0
Check: Rd files
Result: NOTE
checkRd: (-1) TempDisaggDGP.Rd:79: Escaped LaTeX specials: \&
checkRd: (-1) disaggregate.Rd:56: Escaped LaTeX specials: \&
Flavors: r-devel-linux-x86_64-debian-clang, r-devel-linux-x86_64-debian-gcc, r-devel-linux-x86_64-fedora-clang, r-devel-linux-x86_64-fedora-gcc, r-devel-windows-x86_64, r-patched-linux-x86_64, r-release-linux-x86_64, r-release-macos-arm64, r-release-macos-x86_64, r-release-windows-x86_64