CRAN Package Check Results for Package TSdisaggregation

Last updated on 2023-02-04 08:01:31 CET.

Flavor Version Tinstall Tcheck Ttotal Status Flags
r-devel-linux-x86_64-debian-clang 2.0.0 7.70 67.95 75.65 NOTE
r-devel-linux-x86_64-debian-gcc 2.0.0 5.50 53.82 59.32 NOTE
r-devel-linux-x86_64-fedora-clang 2.0.0 98.34 NOTE
r-devel-linux-x86_64-fedora-gcc 2.0.0 95.50 NOTE
r-devel-windows-x86_64 2.0.0 32.00 97.00 129.00 NOTE
r-patched-linux-x86_64 2.0.0 7.29 66.38 73.67 OK
r-release-linux-x86_64 2.0.0 6.52 68.81 75.33 OK
r-release-macos-arm64 2.0.0 33.00 OK
r-release-macos-x86_64 2.0.0 47.00 OK
r-release-windows-x86_64 2.0.0 13.00 102.00 115.00 OK
r-oldrel-macos-arm64 2.0.0 32.00 OK
r-oldrel-macos-x86_64 2.0.0 43.00 OK
r-oldrel-windows-ix86+x86_64 2.0.0 17.00 94.00 111.00 OK

Check Details

Version: 2.0.0
Check: Rd files
Result: NOTE
    checkRd: (-1) TempDisaggDGP.Rd:79: Escaped LaTeX specials: \&
    checkRd: (-1) disaggregate.Rd:56: Escaped LaTeX specials: \&
Flavors: r-devel-linux-x86_64-debian-clang, r-devel-linux-x86_64-debian-gcc, r-devel-linux-x86_64-fedora-clang, r-devel-linux-x86_64-fedora-gcc, r-devel-windows-x86_64