CRAN Package Check Results for Package TOSTER

Last updated on 2023-02-08 06:56:41 CET.

Flavor Version Tinstall Tcheck Ttotal Status Flags
r-devel-linux-x86_64-debian-clang 0.6.0 31.77 875.30 907.07 OK
r-devel-linux-x86_64-debian-gcc 0.6.0 25.30 486.72 512.02 OK
r-devel-linux-x86_64-fedora-clang 0.6.0 1062.15 OK
r-devel-linux-x86_64-fedora-gcc 0.6.0 963.03 OK
r-devel-windows-x86_64 0.6.0 49.00 573.00 622.00 OK
r-patched-linux-x86_64 0.6.0 29.74 762.37 792.11 OK
r-release-linux-x86_64 0.6.0 23.13 748.18 771.31 OK
r-release-macos-arm64 0.6.0 190.00 OK
r-release-macos-x86_64 0.6.0 279.00 OK
r-release-windows-x86_64 0.6.0 66.00 575.00 641.00 OK
r-oldrel-macos-arm64 0.6.0 188.00 OK
r-oldrel-macos-x86_64 0.6.0 285.00 OK
r-oldrel-windows-ix86+x86_64 0.6.0 51.00 887.00 938.00 ERROR

Additional issues

M1mac

Check Details

Version: 0.6.0
Check: PDF version of manual
Result: WARN
    LaTeX errors when creating PDF version.
    This typically indicates Rd problems.
    LaTeX errors found:
    ! Package inputenc Error: Unicode char â<c2><80><c2><90> (U+2010)
    (inputenc) not set up for use with LaTeX.
    
    See the inputenc package documentation for explanation.
    Type H <return> for immediate help.
    ! Package inputenc Error: Unicode char â<c2><80><c2><90> (U+2010)
    (inputenc) not set up for use with LaTeX.
    
    See the inputenc package documentation for explanation.
    Type H <return> for immediate help.
    ! Package inputenc Error: Unicode char â<c2><80><c2><90> (U+2010)
    (inputenc) not set up for use with LaTeX.
    
    See the inputenc package documentation for explanation.
    Type H <return> for immediate help.
    ! Package inputenc Error: Unicode char â<c2><80><c2><90> (U+2010)
    (inputenc) not set up for use with LaTeX.
    
    See the inputenc package documentation for explanation.
    Type H <return> for immediate help.
    ! Package inputenc Error: Unicode char â<c2><80><c2><90> (U+2010)
    (inputenc) not set up for use with LaTeX.
    
    See the inputenc package documentation for explanation.
    Type H <return> for immediate help.
    ! Package inputenc Error: Unicode char â<c2><80><c2><90> (U+2010)
    (inputenc) not set up for use with LaTeX.
    
    See the inputenc package documentation for explanation.
    Type H <return> for immediate help.
    ! Package inputenc Error: Unicode char â<c2><80><c2><90> (U+2010)
    (inputenc) not set up for use with LaTeX.
    
    See the inputenc package documentation for explanation.
    Type H <return> for immediate help.
    ! Package inputenc Error: Unicode char â<c2><80><c2><90> (U+2010)
    (inputenc) not set up for use with LaTeX.
    
    See the inputenc package documentation for explanation.
    Type H <return> for immediate help.
Flavor: r-oldrel-windows-ix86+x86_64

Version: 0.6.0
Check: PDF version of manual without hyperrefs or index
Result: ERROR
Flavor: r-oldrel-windows-ix86+x86_64