CRAN Package Check Results for Package TFisher

Last updated on 2023-01-27 07:50:46 CET.

Flavor Version Tinstall Tcheck Ttotal Status Flags
r-devel-linux-x86_64-debian-clang 0.2.0 8.54 81.81 90.35 NOTE
r-devel-linux-x86_64-debian-gcc 0.2.0 6.55 62.14 68.69 NOTE
r-devel-linux-x86_64-fedora-clang 0.2.0 111.21 NOTE
r-devel-linux-x86_64-fedora-gcc 0.2.0 111.02 NOTE
r-devel-windows-x86_64 0.2.0 14.00 112.00 126.00 NOTE
r-patched-linux-x86_64 0.2.0 8.40 78.32 86.72 NOTE
r-release-linux-x86_64 0.2.0 8.93 78.41 87.34 NOTE
r-release-macos-arm64 0.2.0 35.00 NOTE
r-release-macos-x86_64 0.2.0 46.00 NOTE
r-release-windows-x86_64 0.2.0 28.00 111.00 139.00 NOTE
r-oldrel-macos-arm64 0.2.0 41.00 NOTE
r-oldrel-macos-x86_64 0.2.0 60.00 NOTE
r-oldrel-windows-ix86+x86_64 0.2.0 19.00 109.00 128.00 NOTE

Check Details

Version: 0.2.0
Check: LazyData
Result: NOTE
     'LazyData' is specified without a 'data' directory
Flavors: r-devel-linux-x86_64-debian-clang, r-devel-linux-x86_64-debian-gcc, r-devel-linux-x86_64-fedora-clang, r-devel-linux-x86_64-fedora-gcc, r-devel-windows-x86_64, r-patched-linux-x86_64, r-release-linux-x86_64, r-release-macos-arm64, r-release-macos-x86_64, r-release-windows-x86_64, r-oldrel-macos-arm64, r-oldrel-macos-x86_64, r-oldrel-windows-ix86+x86_64