Last updated on 2023-02-04 08:01:30 CET.
Flavor | Version | Tinstall | Tcheck | Ttotal | Status | Flags |
---|---|---|---|---|---|---|
r-devel-linux-x86_64-debian-clang | 0.4.1 | 24.60 | 75.42 | 100.02 | NOTE | |
r-devel-linux-x86_64-debian-gcc | 0.4.1 | 19.46 | 57.51 | 76.97 | NOTE | |
r-devel-linux-x86_64-fedora-clang | 0.4.1 | 135.14 | NOTE | |||
r-devel-linux-x86_64-fedora-gcc | 0.4.1 | 141.43 | NOTE | |||
r-devel-windows-x86_64 | 0.4.1 | 42.00 | 126.00 | 168.00 | NOTE | |
r-patched-linux-x86_64 | 0.4.1 | 19.57 | 72.35 | 91.92 | OK | |
r-release-linux-x86_64 | 0.4.1 | 20.51 | 70.99 | 91.50 | OK | |
r-release-macos-arm64 | 0.4.1 | 42.00 | OK | |||
r-release-macos-x86_64 | 0.4.1 | 76.00 | OK | |||
r-release-windows-x86_64 | 0.4.1 | 43.00 | 213.00 | 256.00 | OK | |
r-oldrel-macos-arm64 | 0.4.1 | 54.00 | OK | |||
r-oldrel-macos-x86_64 | 0.4.1 | 70.00 | OK | |||
r-oldrel-windows-ix86+x86_64 | 0.4.1 | 60.00 | 139.00 | 199.00 | OK |
Version: 0.4.1
Check: C++ specification
Result: NOTE
Specified C++11: please update to current default of C++17
Flavors: r-devel-linux-x86_64-debian-clang, r-devel-linux-x86_64-debian-gcc, r-devel-linux-x86_64-fedora-clang, r-devel-linux-x86_64-fedora-gcc, r-devel-windows-x86_64