CRAN Package Check Results for Package TAG

Last updated on 2023-06-01 07:57:14 CEST.

Flavor Version Tinstall Tcheck Ttotal Status Flags
r-devel-linux-x86_64-debian-clang 0.5.1 36.29 95.40 131.69 NOTE
r-devel-linux-x86_64-debian-gcc 0.5.1 30.81 73.67 104.48 NOTE
r-devel-linux-x86_64-fedora-clang 0.5.1 177.28 NOTE
r-devel-linux-x86_64-fedora-gcc 0.5.1 191.47 NOTE
r-devel-windows-x86_64 0.5.1 33.00 104.00 137.00 NOTE
r-patched-linux-x86_64 0.5.1 NOTE
r-release-linux-x86_64 0.5.1 33.15 91.08 124.23 NOTE
r-release-macos-arm64 0.5.1 51.00 NOTE
r-release-macos-x86_64 0.5.1 79.00 NOTE
r-release-windows-x86_64 0.5.1 42.00 124.00 166.00 NOTE
r-oldrel-macos-arm64 0.5.1 50.00 OK
r-oldrel-macos-x86_64 0.5.1 62.00 OK
r-oldrel-windows-x86_64 0.5.1 39.00 119.00 158.00 OK

Check Details

Version: 0.5.1
Check: C++ specification
Result: NOTE
     Specified C++11: please drop specification unless essential
Flavors: r-devel-linux-x86_64-debian-clang, r-devel-linux-x86_64-debian-gcc, r-devel-linux-x86_64-fedora-clang, r-devel-linux-x86_64-fedora-gcc, r-devel-windows-x86_64, r-patched-linux-x86_64, r-release-linux-x86_64, r-release-macos-arm64, r-release-macos-x86_64, r-release-windows-x86_64