Last updated on 2023-03-22 05:52:41 CET.
Flavor | Version | Tinstall | Tcheck | Ttotal | Status | Flags |
---|---|---|---|---|---|---|
r-devel-linux-x86_64-debian-clang | 0.1.3 | 8.98 | 84.96 | 93.94 | OK | |
r-devel-linux-x86_64-debian-gcc | 0.1.3 | 6.62 | 62.29 | 68.91 | OK | |
r-devel-linux-x86_64-fedora-clang | 0.1.3 | 116.56 | NOTE | |||
r-devel-linux-x86_64-fedora-gcc | 0.1.3 | 113.63 | NOTE | |||
r-devel-windows-x86_64 | 0.1.3 | 26.00 | 110.00 | 136.00 | OK | |
r-patched-linux-x86_64 | 0.1.3 | 11.11 | 83.27 | 94.38 | OK | |
r-release-linux-x86_64 | 0.1.3 | 8.66 | 83.21 | 91.87 | OK | |
r-release-macos-arm64 | 0.1.3 | 30.00 | OK | |||
r-release-macos-x86_64 | 0.1.3 | 50.00 | OK | |||
r-release-windows-x86_64 | 0.1.3 | 27.00 | 123.00 | 150.00 | OK | |
r-oldrel-macos-arm64 | 0.1.3 | 41.00 | OK | |||
r-oldrel-macos-x86_64 | 0.1.3 | 52.00 | OK | |||
r-oldrel-windows-ix86+x86_64 | 0.1.3 | 24.00 | 119.00 | 143.00 | OK |
Version: 0.1.3
Check: data for non-ASCII characters
Result: NOTE
Note: found 38 marked UTF-8 strings
Flavors: r-devel-linux-x86_64-fedora-clang, r-devel-linux-x86_64-fedora-gcc