Last updated on 2023-12-06 07:50:31 CET.
Flavor | Version | Tinstall | Tcheck | Ttotal | Status | Flags |
---|---|---|---|---|---|---|
r-devel-linux-x86_64-debian-clang | 0.1.3 | 9.25 | 86.62 | 95.87 | OK | |
r-devel-linux-x86_64-debian-gcc | 0.1.3 | 7.34 | 64.29 | 71.63 | OK | |
r-devel-linux-x86_64-fedora-clang | 0.1.3 | 121.32 | NOTE | |||
r-devel-linux-x86_64-fedora-gcc | 0.1.3 | 114.26 | NOTE | |||
r-devel-windows-x86_64 | 0.1.3 | 9.00 | 91.00 | 100.00 | OK | |
r-patched-linux-x86_64 | 0.1.3 | 8.12 | 79.67 | 87.79 | OK | |
r-release-linux-x86_64 | 0.1.3 | 7.34 | 80.73 | 88.07 | OK | |
r-release-macos-arm64 | 0.1.3 | 34.00 | OK | |||
r-release-macos-x86_64 | 0.1.3 | 53.00 | OK | |||
r-release-windows-x86_64 | 0.1.3 | 13.00 | 96.00 | 109.00 | OK | |
r-oldrel-macos-arm64 | 0.1.3 | 30.00 | OK | |||
r-oldrel-macos-x86_64 | 0.1.3 | 50.00 | OK | |||
r-oldrel-windows-x86_64 | 0.1.3 | 13.00 | 102.00 | 115.00 | OK |
Version: 0.1.3
Check: data for non-ASCII characters
Result: NOTE
Note: found 38 marked UTF-8 strings
Flavors: r-devel-linux-x86_64-fedora-clang, r-devel-linux-x86_64-fedora-gcc