CRAN Package Check Results for Package SurvTrunc

Last updated on 2024-04-18 07:58:32 CEST.

Flavor Version Tinstall Tcheck Ttotal Status Flags
r-devel-linux-x86_64-debian-clang 0.2.0 6.91 69.13 76.04 NOTE
r-devel-linux-x86_64-debian-gcc 0.2.0 5.63 52.12 57.75 NOTE
r-devel-linux-x86_64-fedora-clang 0.2.0 96.26 NOTE
r-devel-linux-x86_64-fedora-gcc 0.2.0 96.36 NOTE
r-prerel-macos-arm64 0.2.0 30.00 NOTE
r-prerel-windows-x86_64 0.2.0 9.00 65.00 74.00 NOTE
r-patched-linux-x86_64 0.2.0 7.44 66.77 74.21 NOTE
r-release-linux-x86_64 0.2.0 7.92 70.83 78.75 OK
r-release-macos-arm64 0.2.0 34.00 OK
r-release-macos-x86_64 0.2.0 50.00 OK
r-release-windows-x86_64 0.2.0 10.00 78.00 88.00 OK
r-oldrel-macos-arm64 0.2.0 32.00 OK
r-oldrel-windows-x86_64 0.2.0 10.00 82.00 92.00 OK

Check Details

Version: 0.2.0
Check: Rd files
Result: NOTE checkRd: (-1) coxDT.Rd:76: Lost braces; missing escapes or markup? 76 | The estimation procedure here is performed using coxph {survival} and inserting these estimated | ^ Flavors: r-devel-linux-x86_64-debian-clang, r-devel-linux-x86_64-debian-gcc, r-devel-linux-x86_64-fedora-clang, r-devel-linux-x86_64-fedora-gcc, r-prerel-macos-arm64, r-prerel-windows-x86_64, r-patched-linux-x86_64