CRAN Package Check Results for Package SurvHiDim

Last updated on 2022-10-01 07:08:11 CEST.

Flavor Version Tinstall Tcheck Ttotal Status Flags
r-devel-linux-x86_64-debian-clang 0.1.1 19.78 163.39 183.17 OK
r-devel-linux-x86_64-debian-gcc 0.1.1 16.49 118.48 134.97 OK
r-devel-linux-x86_64-fedora-clang 0.1.1 237.14 NOTE
r-devel-linux-x86_64-fedora-gcc 0.1.1 228.27 NOTE
r-devel-windows-x86_64 0.1.1 22.00 180.00 202.00 OK
r-patched-linux-x86_64 0.1.1 18.02 151.34 169.36 OK
r-release-linux-x86_64 0.1.1 17.85 152.93 170.78 OK
r-release-macos-arm64 0.1.1 57.00 NOTE
r-release-macos-x86_64 0.1.1 97.00 NOTE
r-release-windows-x86_64 0.1.1 31.00 176.00 207.00 OK
r-oldrel-macos-arm64 0.1.1 64.00 NOTE
r-oldrel-macos-x86_64 0.1.1 70.00 NOTE
r-oldrel-windows-ix86+x86_64 0.1.1 43.00 183.00 226.00 OK

Check Details

Version: 0.1.1
Check: dependencies in R code
Result: NOTE
    Namespace in Imports field not imported from: ‘readr’
     All declared Imports should be used.
Flavors: r-devel-linux-x86_64-fedora-clang, r-devel-linux-x86_64-fedora-gcc, r-release-macos-arm64, r-release-macos-x86_64, r-oldrel-macos-arm64, r-oldrel-macos-x86_64