CRAN Package Check Results for Package SurfaceTortoise

Last updated on 2023-03-31 07:53:41 CEST.

Flavor Version Tinstall Tcheck Ttotal Status Flags
r-devel-linux-x86_64-debian-clang 1.0.2 31.36 283.32 314.68 NOTE
r-devel-linux-x86_64-debian-gcc 1.0.2 25.33 212.48 237.81 NOTE
r-devel-linux-x86_64-fedora-clang 1.0.2 395.25 NOTE
r-devel-linux-x86_64-fedora-gcc 1.0.2 392.61 NOTE
r-devel-windows-x86_64 1.0.2 31.00 0.00 31.00 NOTE
r-patched-linux-x86_64 1.0.2 28.97 273.95 302.92 NOTE
r-release-linux-x86_64 1.0.2 21.18 271.17 292.35 NOTE
r-release-macos-arm64 1.0.2 73.00 NOTE
r-release-macos-x86_64 1.0.2 104.00 NOTE
r-release-windows-x86_64 1.0.2 25.00 296.00 321.00 NOTE
r-oldrel-macos-arm64 1.0.2 40.00 NOTE
r-oldrel-macos-x86_64 1.0.2 70.00 NOTE
r-oldrel-windows-ix86+x86_64 1.0.2 65.00 271.00 336.00 NOTE

Check Details

Version: 1.0.2
Check: LazyData
Result: NOTE
     'LazyData' is specified without a 'data' directory
Flavors: r-devel-linux-x86_64-debian-clang, r-devel-linux-x86_64-debian-gcc, r-devel-linux-x86_64-fedora-clang, r-devel-linux-x86_64-fedora-gcc, r-devel-windows-x86_64, r-patched-linux-x86_64, r-release-linux-x86_64, r-release-macos-arm64, r-release-macos-x86_64, r-release-windows-x86_64, r-oldrel-macos-arm64, r-oldrel-macos-x86_64, r-oldrel-windows-ix86+x86_64