Last updated on 2023-03-22 05:52:40 CET.
Flavor | Version | Tinstall | Tcheck | Ttotal | Status | Flags |
---|---|---|---|---|---|---|
r-devel-linux-x86_64-debian-clang | 0.1.5 | 53.81 | 474.52 | 528.33 | OK | |
r-devel-linux-x86_64-debian-gcc | 0.1.5 | 45.02 | 362.04 | 407.06 | OK | |
r-devel-linux-x86_64-fedora-clang | 0.1.5 | 685.24 | OK | |||
r-devel-linux-x86_64-fedora-gcc | 0.1.5 | 692.61 | OK | |||
r-devel-windows-x86_64 | 0.1.5 | 246.00 | 683.00 | 929.00 | OK | |
r-patched-linux-x86_64 | 0.1.5 | 45.58 | 434.74 | 480.32 | OK | |
r-release-linux-x86_64 | 0.1.5 | 40.17 | 437.63 | 477.80 | OK | |
r-release-macos-arm64 | 0.1.5 | 177.00 | OK | |||
r-release-macos-x86_64 | 0.1.5 | 238.00 | OK | |||
r-release-windows-x86_64 | 0.1.5 | 240.00 | 494.00 | 734.00 | ERROR | |
r-oldrel-macos-arm64 | 0.1.5 | 237.00 | NOTE | |||
r-oldrel-macos-x86_64 | 0.1.5 | 218.00 | OK | |||
r-oldrel-windows-ix86+x86_64 | 0.1.5 | 110.00 | 638.00 | 748.00 | OK |
Version: 0.1.5
Check: whether package can be installed
Result: ERROR
Installation failed.
Flavor: r-release-windows-x86_64
Version: 0.1.5
Check: installed package size
Result: NOTE
installed size is 5.3Mb
sub-directories of 1Mb or more:
data 4.6Mb
Flavor: r-oldrel-macos-arm64