CRAN Package Check Results for Package Storm

Last updated on 2024-02-21 07:52:43 CET.

Flavor Version Tinstall Tcheck Ttotal Status Flags
r-devel-linux-x86_64-debian-clang 1.2 NOTE
r-devel-linux-x86_64-debian-gcc 1.2 2.49 18.79 21.28 NOTE
r-devel-linux-x86_64-fedora-clang 1.2 34.38 NOTE
r-devel-linux-x86_64-fedora-gcc 1.2 32.48 NOTE
r-devel-windows-x86_64 1.2 3.00 40.00 43.00 NOTE
r-patched-linux-x86_64 1.2 3.13 23.62 26.75 NOTE
r-release-linux-x86_64 1.2 2.80 23.88 26.68 NOTE
r-release-macos-arm64 1.2 17.00 NOTE
r-release-macos-x86_64 1.2 20.00 NOTE
r-release-windows-x86_64 1.2 3.00 40.00 43.00 NOTE
r-oldrel-macos-arm64 1.2 16.00 NOTE
r-oldrel-windows-x86_64 1.2 6.00 47.00 53.00 NOTE

Check Details

Version: 1.2
Check: DESCRIPTION meta-information
Result: NOTE Malformed Title field: should not end in a period. Flavors: r-devel-linux-x86_64-debian-clang, r-devel-linux-x86_64-debian-gcc, r-devel-linux-x86_64-fedora-clang, r-devel-linux-x86_64-fedora-gcc, r-devel-windows-x86_64, r-patched-linux-x86_64, r-release-linux-x86_64, r-release-macos-arm64, r-release-macos-x86_64, r-release-windows-x86_64, r-oldrel-macos-arm64, r-oldrel-windows-x86_64