CRAN Package Check Results for Package Storm

Last updated on 2023-03-25 07:02:34 CET.

Flavor Version Tinstall Tcheck Ttotal Status Flags
r-devel-linux-x86_64-debian-clang 1.2 3.24 23.61 26.85 NOTE
r-devel-linux-x86_64-debian-gcc 1.2 2.31 19.20 21.51 NOTE
r-devel-linux-x86_64-fedora-clang 1.2 37.20 NOTE
r-devel-linux-x86_64-fedora-gcc 1.2 33.61 NOTE
r-devel-windows-x86_64 1.2 15.00 52.00 67.00 NOTE
r-patched-linux-x86_64 1.2 2.85 25.09 27.94 NOTE
r-release-linux-x86_64 1.2 3.39 25.24 28.63 NOTE
r-release-macos-arm64 1.2 18.00 NOTE
r-release-macos-x86_64 1.2 21.00 NOTE
r-release-windows-x86_64 1.2 15.00 53.00 68.00 NOTE
r-oldrel-macos-arm64 1.2 23.00 NOTE
r-oldrel-macos-x86_64 1.2 27.00 NOTE
r-oldrel-windows-ix86+x86_64 1.2 9.00 56.00 65.00 NOTE

Check Details

Version: 1.2
Check: DESCRIPTION meta-information
Result: NOTE
    Malformed Title field: should not end in a period.
Flavors: r-devel-linux-x86_64-debian-clang, r-devel-linux-x86_64-debian-gcc, r-devel-linux-x86_64-fedora-clang, r-devel-linux-x86_64-fedora-gcc, r-devel-windows-x86_64, r-patched-linux-x86_64, r-release-linux-x86_64, r-release-macos-arm64, r-release-macos-x86_64, r-release-windows-x86_64, r-oldrel-macos-arm64, r-oldrel-macos-x86_64, r-oldrel-windows-ix86+x86_64