CRAN Package Check Results for Package StAMPP

Last updated on 2024-06-14 07:53:11 CEST.

Flavor Version Tinstall Tcheck Ttotal Status Flags
r-devel-linux-x86_64-debian-clang 1.6.3 17.45 122.64 140.09 NOTE
r-devel-linux-x86_64-debian-gcc 1.6.3 12.35 90.13 102.48 NOTE
r-devel-linux-x86_64-fedora-clang 1.6.3 171.81 NOTE
r-devel-linux-x86_64-fedora-gcc 1.6.3 160.75 NOTE
r-devel-windows-x86_64 1.6.3 13.00 108.00 121.00 NOTE
r-patched-linux-x86_64 1.6.3 12.99 114.60 127.59 NOTE
r-release-linux-x86_64 1.6.3 11.78 112.78 124.56 NOTE
r-release-macos-arm64 1.6.3 49.00 NOTE
r-release-macos-x86_64 1.6.3 79.00 NOTE
r-release-windows-x86_64 1.6.3 15.00 109.00 124.00 NOTE
r-oldrel-macos-arm64 1.6.3 57.00 OK
r-oldrel-macos-x86_64 1.6.3 88.00 OK
r-oldrel-windows-x86_64 1.6.3 20.00 130.00 150.00 OK

Check Details

Version: 1.6.3
Check: Rd files
Result: NOTE checkRd: (-1) stamppFst.Rd:20: Lost braces 20 | \code{Fsts}{a matrix of pairwise Fst values between populations} | ^ checkRd: (-1) stamppFst.Rd:21: Lost braces 21 | \code{Pvalues}{a matrix of p-values for each of the pairwise Fst values containined in the 'Fsts' matrix} | ^ checkRd: (-1) stamppFst.Rd:22: Lost braces 22 | \code{Bootstraps}{a dataframe of each Fst value generated during Bootstrapping and the associated confidence intervals} | ^ Flavors: r-devel-linux-x86_64-debian-clang, r-devel-linux-x86_64-debian-gcc, r-devel-linux-x86_64-fedora-clang, r-devel-linux-x86_64-fedora-gcc, r-devel-windows-x86_64, r-patched-linux-x86_64, r-release-linux-x86_64, r-release-macos-arm64, r-release-macos-x86_64, r-release-windows-x86_64