Last updated on 2023-02-03 06:50:34 CET.
Flavor | Version | Tinstall | Tcheck | Ttotal | Status | Flags |
---|---|---|---|---|---|---|
r-devel-linux-x86_64-debian-clang | 1.1 | 29.44 | 28.06 | 57.50 | NOTE | |
r-devel-linux-x86_64-debian-gcc | 1.1 | 25.67 | 22.07 | 47.74 | NOTE | |
r-devel-linux-x86_64-fedora-clang | 1.1 | 89.68 | NOTE | |||
r-devel-linux-x86_64-fedora-gcc | 1.1 | 80.44 | NOTE | |||
r-patched-linux-x86_64 | 1.1 | 29.31 | 27.83 | 57.14 | OK | |
r-release-linux-x86_64 | 1.1 | 30.07 | 28.54 | 58.61 | OK | |
r-release-macos-arm64 | 1.1 | 24.00 | OK | |||
r-release-macos-x86_64 | 1.1 | 34.00 | OK | |||
r-release-windows-x86_64 | 1.1 | 32.00 | 85.00 | 117.00 | OK | |
r-oldrel-macos-arm64 | 1.1 | 23.00 | OK | |||
r-oldrel-macos-x86_64 | 1.1 | 42.00 | OK | |||
r-oldrel-windows-ix86+x86_64 | 1.1 | 84.00 | 78.00 | 162.00 | OK |
Version: 1.1
Check: C++ specification
Result: NOTE
Specified C++11: please update to current default of C++17
Flavors: r-devel-linux-x86_64-debian-clang, r-devel-linux-x86_64-debian-gcc, r-devel-linux-x86_64-fedora-clang, r-devel-linux-x86_64-fedora-gcc