CRAN Package Check Results for Package Sshaped

Last updated on 2023-10-04 07:03:17 CEST.

Flavor Version Tinstall Tcheck Ttotal Status Flags
r-devel-linux-x86_64-debian-clang 1.1 32.26 28.27 60.53 NOTE
r-devel-linux-x86_64-debian-gcc 1.1 26.54 22.23 48.77 NOTE
r-devel-linux-x86_64-fedora-clang 1.1 93.12 NOTE
r-devel-linux-x86_64-fedora-gcc 1.1 89.70 NOTE
r-devel-windows-x86_64 1.1 28.00 66.00 94.00 NOTE
r-patched-linux-x86_64 1.1 37.16 27.94 65.10 NOTE
r-release-linux-x86_64 1.1 36.29 27.82 64.11 NOTE
r-release-macos-arm64 1.1 29.00 NOTE
r-release-macos-x86_64 1.1 43.00 NOTE
r-release-windows-x86_64 1.1 36.00 71.00 107.00 NOTE
r-oldrel-macos-arm64 1.1 32.00 OK
r-oldrel-macos-x86_64 1.1 34.00 OK
r-oldrel-windows-x86_64 1.1 34.00 68.00 102.00 OK

Check Details

Version: 1.1
Check: C++ specification
Result: NOTE
     Specified C++11: please drop specification unless essential
Flavors: r-devel-linux-x86_64-debian-clang, r-devel-linux-x86_64-debian-gcc, r-devel-linux-x86_64-fedora-clang, r-devel-linux-x86_64-fedora-gcc, r-devel-windows-x86_64, r-patched-linux-x86_64, r-release-linux-x86_64, r-release-macos-arm64, r-release-macos-x86_64, r-release-windows-x86_64