Last updated on 2023-01-29 07:56:16 CET.
Flavor | Version | Tinstall | Tcheck | Ttotal | Status | Flags |
---|---|---|---|---|---|---|
r-devel-linux-x86_64-debian-clang | 1.0.4 | 101.65 | 82.41 | 184.06 | OK | |
r-devel-linux-x86_64-debian-gcc | 1.0.4 | 76.93 | 63.81 | 140.74 | OK | |
r-devel-linux-x86_64-fedora-clang | 1.0.4 | 248.95 | OK | |||
r-devel-linux-x86_64-fedora-gcc | 1.0.4 | 226.54 | OK | |||
r-devel-windows-x86_64 | 1.0.4 | 93.00 | 138.00 | 231.00 | OK | |
r-patched-linux-x86_64 | 1.0.4 | 76.46 | 78.81 | 155.27 | OK | |
r-release-linux-x86_64 | 1.0.4 | 68.53 | 80.10 | 148.63 | OK | |
r-release-macos-arm64 | 1.0.4 | 62.00 | NOTE | |||
r-release-macos-x86_64 | 1.0.4 | 78.00 | OK | |||
r-release-windows-x86_64 | 1.0.4 | 86.00 | 135.00 | 221.00 | OK | |
r-oldrel-macos-arm64 | 1.0.4 | 72.00 | NOTE | |||
r-oldrel-macos-x86_64 | 1.0.4 | 112.00 | NOTE | |||
r-oldrel-windows-ix86+x86_64 | 1.0.4 | 219.00 | 146.00 | 365.00 | OK |
Version: 1.0.4
Check: installed package size
Result: NOTE
installed size is 5.5Mb
sub-directories of 1Mb or more:
libs 5.3Mb
Flavors: r-release-macos-arm64, r-oldrel-macos-arm64, r-oldrel-macos-x86_64