Last updated on 2023-01-28 07:15:08 CET.
Flavor | Version | Tinstall | Tcheck | Ttotal | Status | Flags |
---|---|---|---|---|---|---|
r-devel-linux-x86_64-debian-clang | 1.0 | 66.95 | 78.07 | 145.02 | OK | |
r-devel-linux-x86_64-debian-gcc | 1.0 | 54.14 | 57.07 | 111.21 | OK | |
r-devel-linux-x86_64-fedora-clang | 1.0 | 204.69 | NOTE | |||
r-devel-linux-x86_64-fedora-gcc | 1.0 | 181.55 | NOTE | |||
r-devel-windows-x86_64 | 1.0 | 75.00 | 125.00 | 200.00 | OK | |
r-patched-linux-x86_64 | 1.0 | 55.49 | 75.43 | 130.92 | OK | |
r-release-linux-x86_64 | 1.0 | 54.12 | 74.16 | 128.28 | OK | |
r-release-macos-arm64 | 1.0 | 50.00 | OK | |||
r-release-macos-x86_64 | 1.0 | 91.00 | OK | |||
r-release-windows-x86_64 | 1.0 | 98.00 | 121.00 | 219.00 | OK | |
r-oldrel-macos-arm64 | 1.0 | 52.00 | OK | |||
r-oldrel-macos-x86_64 | 1.0 | 92.00 | OK | |||
r-oldrel-windows-ix86+x86_64 | 1.0 | 166.00 | 136.00 | 302.00 | OK |
Version: 1.0
Check: compiled code
Result: NOTE
File ‘SparseFactorAnalysis/libs/SparseFactorAnalysis.so’:
Found no calls to: ‘R_registerRoutines’, ‘R_useDynamicSymbols’
It is good practice to register native routines and to disable symbol
search.
See ‘Writing portable packages’ in the ‘Writing R Extensions’ manual.
Flavors: r-devel-linux-x86_64-fedora-clang, r-devel-linux-x86_64-fedora-gcc