Last updated on 2023-01-30 09:54:26 CET.
Flavor | Version | Tinstall | Tcheck | Ttotal | Status | Flags |
---|---|---|---|---|---|---|
r-devel-linux-x86_64-debian-clang | 1.6.2 | 51.93 | 100.66 | 152.59 | OK | |
r-devel-linux-x86_64-debian-gcc | 1.6.2 | 42.12 | 77.69 | 119.81 | OK | |
r-devel-linux-x86_64-fedora-clang | 1.6.2 | 195.52 | NOTE | |||
r-devel-linux-x86_64-fedora-gcc | 1.6.2 | 188.37 | NOTE | |||
r-devel-windows-x86_64 | 1.6.2 | 61.00 | 149.00 | 210.00 | NOTE | |
r-patched-linux-x86_64 | 1.6.2 | 40.41 | 98.51 | 138.92 | OK | |
r-release-linux-x86_64 | 1.6.2 | 40.68 | 100.65 | 141.33 | OK | |
r-release-macos-arm64 | 1.6.2 | 52.00 | NOTE | |||
r-release-macos-x86_64 | 1.6.2 | 93.00 | NOTE | |||
r-release-windows-x86_64 | 1.6.2 | 41.00 | 152.00 | 193.00 | NOTE | |
r-oldrel-macos-arm64 | 1.6.2 | 49.00 | NOTE | |||
r-oldrel-macos-x86_64 | 1.6.2 | 75.00 | NOTE | |||
r-oldrel-windows-ix86+x86_64 | 1.6.2 | 109.00 | 178.00 | 287.00 | NOTE |
Version: 1.6.2
Check: installed package size
Result: NOTE
installed size is 5.1Mb
sub-directories of 1Mb or more:
data 4.7Mb
Flavors: r-devel-linux-x86_64-fedora-clang, r-devel-windows-x86_64, r-release-macos-arm64, r-release-macos-x86_64, r-release-windows-x86_64, r-oldrel-macos-arm64, r-oldrel-macos-x86_64, r-oldrel-windows-ix86+x86_64
Version: 1.6.2
Check: dependencies in R code
Result: NOTE
Namespace in Imports field not imported from: ‘RcppEigen’
All declared Imports should be used.
Flavors: r-devel-linux-x86_64-fedora-clang, r-devel-linux-x86_64-fedora-gcc, r-release-macos-arm64, r-release-macos-x86_64, r-oldrel-macos-arm64, r-oldrel-macos-x86_64