Last updated on 2023-01-31 07:54:26 CET.
Flavor | Version | Tinstall | Tcheck | Ttotal | Status | Flags |
---|---|---|---|---|---|---|
r-devel-linux-x86_64-debian-clang | 1.6.2 | 75.97 | 311.58 | 387.55 | OK | |
r-devel-linux-x86_64-debian-gcc | 1.6.2 | 65.64 | 228.03 | 293.67 | OK | |
r-devel-linux-x86_64-fedora-clang | 1.6.2 | 483.46 | NOTE | |||
r-devel-linux-x86_64-fedora-gcc | 1.6.2 | 510.72 | OK | |||
r-devel-windows-x86_64 | 1.6.2 | 100.00 | 354.00 | 454.00 | NOTE | |
r-patched-linux-x86_64 | 1.6.2 | 67.99 | 299.46 | 367.45 | OK | |
r-release-linux-x86_64 | 1.6.2 | 61.77 | 302.05 | 363.82 | OK | |
r-release-macos-arm64 | 1.6.2 | 193.00 | NOTE | |||
r-release-macos-x86_64 | 1.6.2 | 207.00 | NOTE | |||
r-release-windows-x86_64 | 1.6.2 | 101.00 | 366.00 | 467.00 | NOTE | |
r-oldrel-macos-arm64 | 1.6.2 | 223.00 | NOTE | |||
r-oldrel-macos-x86_64 | 1.6.2 | 202.00 | NOTE | |||
r-oldrel-windows-ix86+x86_64 | 1.6.2 | 125.00 | 337.00 | 462.00 | NOTE |
Version: 1.6.2
Check: installed package size
Result: NOTE
installed size is 5.8Mb
sub-directories of 1Mb or more:
data 3.9Mb
doc 1.0Mb
Flavors: r-devel-linux-x86_64-fedora-clang, r-devel-windows-x86_64, r-release-macos-arm64, r-release-macos-x86_64, r-release-windows-x86_64, r-oldrel-macos-arm64, r-oldrel-macos-x86_64, r-oldrel-windows-ix86+x86_64
Version: 1.6.2
Check: package dependencies
Result: NOTE
Package suggested but not available for checking: ‘DropletUtils’
Flavors: r-release-macos-arm64, r-release-macos-x86_64, r-oldrel-macos-arm64, r-oldrel-macos-x86_64