CRAN Package Check Results for Package SolveSAPHE

Last updated on 2023-12-03 08:50:23 CET.

Flavor Version Tinstall Tcheck Ttotal Status Flags
r-devel-linux-x86_64-debian-clang 2.1.0 3.44 32.05 35.49 NOTE
r-devel-linux-x86_64-debian-gcc 2.1.0 3.52 23.87 27.39 NOTE
r-devel-linux-x86_64-fedora-clang 2.1.0 46.03 OK
r-devel-linux-x86_64-fedora-gcc 2.1.0 44.50 OK
r-devel-windows-x86_64 2.1.0 6.00 46.00 52.00 OK
r-patched-linux-x86_64 2.1.0 4.36 31.30 35.66 OK
r-release-linux-x86_64 2.1.0 3.90 31.04 34.94 OK
r-release-macos-arm64 2.1.0 16.00 OK
r-release-macos-x86_64 2.1.0 25.00 OK
r-release-windows-x86_64 2.1.0 8.00 50.00 58.00 OK
r-oldrel-macos-arm64 2.1.0 17.00 OK
r-oldrel-macos-x86_64 2.1.0 23.00 OK
r-oldrel-windows-x86_64 2.1.0 10.00 54.00 64.00 OK

Check Details

Version: 2.1.0
Check: Rd files
Result: NOTE checkRd: (-1) solve_pH_from_AT.Rd:83: Lost braces in \itemize; meant \describe ? checkRd: (-1) solve_pH_from_AT.Rd:84: Lost braces in \itemize; meant \describe ? checkRd: (-1) solve_pH_from_AT.Rd:85: Lost braces in \itemize; meant \describe ? checkRd: (-1) solve_pH_from_AT.Rd:86: Lost braces in \itemize; meant \describe ? checkRd: (-1) solve_pH_from_AT.Rd:87: Lost braces in \itemize; meant \describe ? checkRd: (-1) solve_pH_from_AT.Rd:88: Lost braces in \itemize; meant \describe ? checkRd: (-1) solve_pH_from_AT.Rd:89: Lost braces in \itemize; meant \describe ? checkRd: (-1) solve_pH_from_AT.Rd:90: Lost braces in \itemize; meant \describe ? checkRd: (-1) solve_pH_from_AT.Rd:91: Lost braces in \itemize; meant \describe ? checkRd: (-1) solve_pH_from_AT.Rd:92: Lost braces in \itemize; meant \describe ? checkRd: (-1) solve_pH_from_AT.Rd:93: Lost braces in \itemize; meant \describe ? Flavors: r-devel-linux-x86_64-debian-clang, r-devel-linux-x86_64-debian-gcc