Last updated on 2023-01-27 07:50:45 CET.
Flavor | Version | Tinstall | Tcheck | Ttotal | Status | Flags |
---|---|---|---|---|---|---|
r-devel-linux-x86_64-debian-clang | 1.8 | 62.42 | 70.29 | 132.71 | OK | |
r-devel-linux-x86_64-debian-gcc | 1.8 | 54.63 | 54.15 | 108.78 | OK | |
r-devel-linux-x86_64-fedora-clang | 1.8 | 177.85 | NOTE | |||
r-devel-linux-x86_64-fedora-gcc | 1.8 | 172.37 | NOTE | |||
r-devel-windows-x86_64 | 1.8 | 79.00 | 99.00 | 178.00 | OK | |
r-patched-linux-x86_64 | 1.8 | 60.59 | 68.78 | 129.37 | OK | |
r-release-linux-x86_64 | 1.8 | 66.65 | 69.64 | 136.29 | OK | |
r-release-macos-arm64 | 1.8 | 71.00 | NOTE | |||
r-release-macos-x86_64 | 1.8 | 111.00 | NOTE | |||
r-release-windows-x86_64 | 1.8 | 75.00 | 97.00 | 172.00 | OK | |
r-oldrel-macos-arm64 | 1.8 | 87.00 | NOTE | |||
r-oldrel-macos-x86_64 | 1.8 | 103.00 | NOTE | |||
r-oldrel-windows-ix86+x86_64 | 1.8 | 96.00 | 97.00 | 193.00 | OK |
Version: 1.8
Check: data for non-ASCII characters
Result: NOTE
Note: found 1122 marked UTF-8 strings
Flavors: r-devel-linux-x86_64-fedora-clang, r-devel-linux-x86_64-fedora-gcc, r-release-macos-arm64, r-release-macos-x86_64, r-oldrel-macos-arm64, r-oldrel-macos-x86_64
Version: 1.8
Check: installed package size
Result: NOTE
installed size is 5.2Mb
sub-directories of 1Mb or more:
data 5.0Mb
Flavors: r-release-macos-arm64, r-oldrel-macos-arm64