Last updated on 2023-01-29 07:56:16 CET.
Flavor | Version | Tinstall | Tcheck | Ttotal | Status | Flags |
---|---|---|---|---|---|---|
r-devel-linux-x86_64-debian-clang | 0.3.9 | 10.14 | 196.74 | 206.88 | NOTE | |
r-devel-linux-x86_64-debian-gcc | 0.3.9 | 7.45 | 135.60 | 143.05 | NOTE | |
r-devel-linux-x86_64-fedora-clang | 0.3.9 | 233.85 | NOTE | |||
r-devel-linux-x86_64-fedora-gcc | 0.3.9 | 235.71 | NOTE | |||
r-devel-windows-x86_64 | 0.3.9 | 15.00 | 229.00 | 244.00 | OK | |
r-patched-linux-x86_64 | 0.3.9 | 8.49 | 176.98 | 185.47 | NOTE | |
r-release-linux-x86_64 | 0.3.9 | 7.37 | 172.72 | 180.09 | NOTE | |
r-release-macos-arm64 | 0.3.9 | 78.00 | NOTE | |||
r-release-macos-x86_64 | 0.3.9 | 101.00 | NOTE | |||
r-release-windows-x86_64 | 0.3.9 | 35.00 | 220.00 | 255.00 | OK | |
r-oldrel-macos-arm64 | 0.3.9 | 72.00 | NOTE | |||
r-oldrel-macos-x86_64 | 0.3.9 | 106.00 | NOTE | |||
r-oldrel-windows-ix86+x86_64 | 0.3.9 | 23.00 | 210.00 | 233.00 | OK |
Version: 0.3.9
Check: Rd cross-references
Result: NOTE
Unknown package ‘InformationValue’ in Rd xrefs
Flavors: r-devel-linux-x86_64-debian-clang, r-devel-linux-x86_64-debian-gcc, r-devel-linux-x86_64-fedora-gcc, r-patched-linux-x86_64, r-release-linux-x86_64
Version: 0.3.9
Check: dependencies in R code
Result: NOTE
Namespace in Imports field not imported from: ‘qpdf’
All declared Imports should be used.
Flavors: r-devel-linux-x86_64-fedora-clang, r-devel-linux-x86_64-fedora-gcc, r-release-macos-arm64, r-release-macos-x86_64, r-oldrel-macos-arm64, r-oldrel-macos-x86_64
Version: 0.3.9
Check: Rd cross-references
Result: NOTE
Undeclared packages ‘InformationValue’, ‘ggthemes’, ‘DataExplorer’ in Rd xrefs
Unknown package ‘InformationValue’ in Rd xrefs
Flavor: r-devel-linux-x86_64-fedora-clang