Last updated on 2023-01-30 09:54:25 CET.
Flavor | Version | Tinstall | Tcheck | Ttotal | Status | Flags |
---|---|---|---|---|---|---|
r-devel-linux-x86_64-debian-clang | 0.1.0 | 36.51 | 61.05 | 97.56 | NOTE | |
r-devel-linux-x86_64-debian-gcc | 0.1.0 | 28.95 | 46.24 | 75.19 | NOTE | |
r-devel-linux-x86_64-fedora-clang | 0.1.0 | 141.04 | NOTE | |||
r-devel-linux-x86_64-fedora-gcc | 0.1.0 | 121.70 | NOTE | |||
r-devel-windows-x86_64 | 0.1.0 | 56.00 | 113.00 | 169.00 | NOTE | |
r-patched-linux-x86_64 | 0.1.0 | 28.49 | 58.89 | 87.38 | NOTE | |
r-release-linux-x86_64 | 0.1.0 | 28.79 | 60.51 | 89.30 | NOTE | |
r-release-macos-arm64 | 0.1.0 | 36.00 | NOTE | |||
r-release-macos-x86_64 | 0.1.0 | 63.00 | NOTE | |||
r-release-windows-x86_64 | 0.1.0 | 47.00 | 114.00 | 161.00 | NOTE | |
r-oldrel-macos-arm64 | 0.1.0 | 40.00 | NOTE | |||
r-oldrel-macos-x86_64 | 0.1.0 | 58.00 | NOTE | |||
r-oldrel-windows-ix86+x86_64 | 0.1.0 | 92.00 | 118.00 | 210.00 | NOTE |
Version: 0.1.0
Check: LazyData
Result: NOTE
'LazyData' is specified without a 'data' directory
Flavors: r-devel-linux-x86_64-debian-clang, r-devel-linux-x86_64-debian-gcc, r-devel-linux-x86_64-fedora-clang, r-devel-linux-x86_64-fedora-gcc, r-devel-windows-x86_64, r-patched-linux-x86_64, r-release-linux-x86_64, r-release-macos-arm64, r-release-macos-x86_64, r-release-windows-x86_64, r-oldrel-macos-arm64, r-oldrel-macos-x86_64, r-oldrel-windows-ix86+x86_64