Last updated on 2023-02-02 06:55:06 CET.
Flavor | Version | Tinstall | Tcheck | Ttotal | Status | Flags |
---|---|---|---|---|---|---|
r-devel-linux-x86_64-debian-clang | 2.2.5 | 10.19 | 94.73 | 104.92 | OK | |
r-devel-linux-x86_64-debian-gcc | 2.2.5 | 6.28 | 72.70 | 78.98 | OK | |
r-devel-linux-x86_64-fedora-clang | 2.2.5 | 134.66 | OK | |||
r-devel-linux-x86_64-fedora-gcc | 2.2.5 | 145.36 | OK | |||
r-devel-windows-x86_64 | 2.2.5 | 23.00 | 148.00 | 171.00 | OK | |
r-patched-linux-x86_64 | 2.2.5 | 8.86 | 91.50 | 100.36 | OK | |
r-release-linux-x86_64 | 2.2.5 | 10.06 | 88.17 | 98.23 | OK | |
r-release-macos-arm64 | 2.2.5 | 41.00 | NOTE | |||
r-release-macos-x86_64 | 2.2.5 | 70.00 | OK | |||
r-release-windows-x86_64 | 2.2.5 | 36.00 | 144.00 | 180.00 | OK | |
r-oldrel-macos-arm64 | 2.2.5 | 48.00 | OK | |||
r-oldrel-macos-x86_64 | 2.2.5 | 59.00 | OK | |||
r-oldrel-windows-ix86+x86_64 | 2.2.5 | 23.00 | 122.00 | 145.00 | OK |
Version: 2.2.5
Check: package dependencies
Result: NOTE
Package suggested but not available for checking: ‘rhdf5’
Flavor: r-release-macos-arm64