CRAN Package Check Results for Package ShrinkCovMat

Last updated on 2023-01-28 07:15:07 CET.

Flavor Version Tinstall Tcheck Ttotal Status Flags
r-devel-linux-x86_64-debian-clang 1.4.0 30.33 37.26 67.59 OK
r-devel-linux-x86_64-debian-gcc 1.4.0 22.98 27.14 50.12 NOTE
r-devel-linux-x86_64-fedora-clang 1.4.0 99.60 OK
r-devel-linux-x86_64-fedora-gcc 1.4.0 86.45 NOTE
r-devel-windows-x86_64 1.4.0 40.00 80.00 120.00 OK
r-patched-linux-x86_64 1.4.0 31.06 34.70 65.76 OK
r-release-linux-x86_64 1.4.0 26.59 35.28 61.87 OK
r-release-macos-arm64 1.4.0 29.00 OK
r-release-macos-x86_64 1.4.0 37.00 OK
r-release-windows-x86_64 1.4.0 42.00 86.00 128.00 OK
r-oldrel-macos-arm64 1.4.0 33.00 OK
r-oldrel-macos-x86_64 1.4.0 53.00 OK
r-oldrel-windows-ix86+x86_64 1.4.0 78.00 93.00 171.00 OK

Check Details

Version: 1.4.0
Check: C++ specification
Result: NOTE
     Specified C++11: please update to current default of C++17
Flavors: r-devel-linux-x86_64-debian-gcc, r-devel-linux-x86_64-fedora-gcc