Last updated on 2023-02-04 08:01:28 CET.
Flavor | Version | Tinstall | Tcheck | Ttotal | Status | Flags |
---|---|---|---|---|---|---|
r-devel-linux-x86_64-debian-clang | 0.2.0 | 2.59 | 31.28 | 33.87 | OK | |
r-devel-linux-x86_64-debian-gcc | 0.2.0 | 2.04 | 23.39 | 25.43 | OK | |
r-devel-linux-x86_64-fedora-clang | 0.2.0 | 42.11 | NOTE | |||
r-devel-linux-x86_64-fedora-gcc | 0.2.0 | 51.49 | NOTE | |||
r-devel-windows-x86_64 | 0.2.0 | 12.00 | 60.00 | 72.00 | OK | |
r-patched-linux-x86_64 | 0.2.0 | 2.01 | 30.67 | 32.68 | OK | |
r-release-linux-x86_64 | 0.2.0 | 1.63 | 29.76 | 31.39 | OK | |
r-release-macos-arm64 | 0.2.0 | 19.00 | NOTE | |||
r-release-macos-x86_64 | 0.2.0 | 28.00 | NOTE | |||
r-release-windows-x86_64 | 0.2.0 | 12.00 | 67.00 | 79.00 | OK | |
r-oldrel-macos-arm64 | 0.2.0 | 19.00 | NOTE | |||
r-oldrel-macos-x86_64 | 0.2.0 | 23.00 | NOTE | |||
r-oldrel-windows-ix86+x86_64 | 0.2.0 | 8.00 | 61.00 | 69.00 | OK |
Version: 0.2.0
Check: dependencies in R code
Result: NOTE
Namespaces in Imports field not imported from:
‘MASS’ ‘kableExtra’ ‘tidyverse’
All declared Imports should be used.
Flavors: r-devel-linux-x86_64-fedora-clang, r-devel-linux-x86_64-fedora-gcc, r-release-macos-arm64, r-release-macos-x86_64, r-oldrel-macos-arm64, r-oldrel-macos-x86_64