CRAN Package Check Results for Package ShapleyValue

Last updated on 2024-02-21 07:52:41 CET.

Flavor Version Tinstall Tcheck Ttotal Status Flags
r-devel-linux-x86_64-debian-clang 0.2.0 OK
r-devel-linux-x86_64-debian-gcc 0.2.0 1.94 22.47 24.41 OK
r-devel-linux-x86_64-fedora-clang 0.2.0 40.13 NOTE
r-devel-linux-x86_64-fedora-gcc 0.2.0 48.69 NOTE
r-devel-windows-x86_64 0.2.0 4.00 44.00 48.00 OK
r-patched-linux-x86_64 0.2.0 2.30 27.21 29.51 OK
r-release-linux-x86_64 0.2.0 1.61 27.81 29.42 OK
r-release-macos-arm64 0.2.0 27.00 OK
r-release-macos-x86_64 0.2.0 38.00 OK
r-release-windows-x86_64 0.2.0 5.00 44.00 49.00 OK
r-oldrel-macos-arm64 0.2.0 19.00 NOTE
r-oldrel-windows-x86_64 0.2.0 5.00 49.00 54.00 OK

Check Details

Version: 0.2.0
Check: dependencies in R code
Result: NOTE Namespaces in Imports field not imported from: ‘MASS’ ‘kableExtra’ ‘tidyverse’ All declared Imports should be used. Flavors: r-devel-linux-x86_64-fedora-clang, r-devel-linux-x86_64-fedora-gcc, r-oldrel-macos-arm64