Last updated on 2023-02-02 06:55:06 CET.
Flavor | Version | Tinstall | Tcheck | Ttotal | Status | Flags |
---|---|---|---|---|---|---|
r-devel-linux-x86_64-debian-clang | 1.1.3 | 87.28 | 77.85 | 165.13 | OK | |
r-devel-linux-x86_64-debian-gcc | 1.1.3 | 66.86 | 59.63 | 126.49 | OK | |
r-devel-linux-x86_64-fedora-clang | 1.1.3 | 236.48 | NOTE | |||
r-devel-linux-x86_64-fedora-gcc | 1.1.3 | 204.90 | NOTE | |||
r-devel-windows-x86_64 | 1.1.3 | 143.00 | 160.00 | 303.00 | NOTE | |
r-patched-linux-x86_64 | 1.1.3 | 75.59 | 68.80 | 144.39 | OK | |
r-release-linux-x86_64 | 1.1.3 | 69.50 | 69.86 | 139.36 | OK | |
r-release-macos-arm64 | 1.1.3 | 65.00 | NOTE | |||
r-release-macos-x86_64 | 1.1.3 | 108.00 | NOTE | |||
r-release-windows-x86_64 | 1.1.3 | 135.00 | 138.00 | 273.00 | NOTE | |
r-oldrel-macos-arm64 | 1.1.3 | 72.00 | NOTE | |||
r-oldrel-macos-x86_64 | 1.1.3 | 77.00 | NOTE | |||
r-oldrel-windows-ix86+x86_64 | 1.1.3 | 170.00 | 143.00 | 313.00 | NOTE |
Version: 1.1.3
Check: installed package size
Result: NOTE
installed size is 5.3Mb
sub-directories of 1Mb or more:
data 4.7Mb
Flavors: r-devel-linux-x86_64-fedora-clang, r-devel-windows-x86_64, r-release-macos-arm64, r-release-macos-x86_64, r-release-windows-x86_64, r-oldrel-macos-arm64, r-oldrel-macos-x86_64, r-oldrel-windows-ix86+x86_64
Version: 1.1.3
Check: dependencies in R code
Result: NOTE
Namespace in Imports field not imported from: ‘Rdpack’
All declared Imports should be used.
Flavors: r-devel-linux-x86_64-fedora-clang, r-devel-linux-x86_64-fedora-gcc, r-release-macos-arm64, r-release-macos-x86_64, r-oldrel-macos-arm64, r-oldrel-macos-x86_64