Last updated on 2023-01-28 07:15:07 CET.
Flavor | Version | Tinstall | Tcheck | Ttotal | Status | Flags |
---|---|---|---|---|---|---|
r-devel-linux-x86_64-debian-clang | 0.0.8 | 35.04 | 49.36 | 84.40 | OK | |
r-devel-linux-x86_64-debian-gcc | 0.0.8 | 27.60 | 36.75 | 64.35 | OK | |
r-devel-linux-x86_64-fedora-clang | 0.0.8 | 121.80 | OK | |||
r-devel-linux-x86_64-fedora-gcc | 0.0.8 | 113.91 | OK | |||
r-devel-windows-x86_64 | 0.0.8 | 44.00 | 103.00 | 147.00 | NOTE | |
r-patched-linux-x86_64 | 0.0.8 | 27.33 | 48.42 | 75.75 | OK | |
r-release-linux-x86_64 | 0.0.8 | 28.38 | 48.38 | 76.76 | OK | |
r-release-macos-arm64 | 0.0.8 | 37.00 | OK | |||
r-release-macos-x86_64 | 0.0.8 | 47.00 | OK | |||
r-release-windows-x86_64 | 0.0.8 | 42.00 | 112.00 | 154.00 | NOTE | |
r-oldrel-macos-arm64 | 0.0.8 | 39.00 | OK | |||
r-oldrel-macos-x86_64 | 0.0.8 | 62.00 | OK | |||
r-oldrel-windows-ix86+x86_64 | 0.0.8 | 91.00 | 127.00 | 218.00 | NOTE |
Version: 0.0.8
Check: package dependencies
Result: NOTE
Package suggested but not available for checking: 'doMC'
Flavors: r-devel-windows-x86_64, r-release-windows-x86_64, r-oldrel-windows-ix86+x86_64