Last updated on 2025-01-20 08:48:37 CET.
Flavor | Version | Tinstall | Tcheck | Ttotal | Status | Flags |
---|---|---|---|---|---|---|
r-devel-linux-x86_64-debian-clang | 1.1.3 | 1.60 | 33.27 | 34.87 | NOTE | |
r-devel-linux-x86_64-debian-gcc | 1.1.3 | 1.51 | 25.27 | 26.78 | NOTE | |
r-devel-linux-x86_64-fedora-clang | 1.1.3 | 59.29 | NOTE | |||
r-devel-linux-x86_64-fedora-gcc | 1.1.3 | 72.09 | NOTE | |||
r-devel-windows-x86_64 | 1.1.3 | 4.00 | 52.00 | 56.00 | NOTE | |
r-patched-linux-x86_64 | 1.1.3 | 2.03 | 32.23 | 34.26 | NOTE | |
r-release-linux-x86_64 | 1.1.3 | 1.96 | 31.73 | 33.69 | NOTE | |
r-release-macos-arm64 | 1.1.3 | 27.00 | NOTE | |||
r-release-macos-x86_64 | 1.1.3 | 38.00 | NOTE | |||
r-release-windows-x86_64 | 1.1.3 | 3.00 | 52.00 | 55.00 | NOTE | |
r-oldrel-macos-arm64 | 1.1.3 | 29.00 | NOTE | |||
r-oldrel-macos-x86_64 | 1.1.3 | 41.00 | NOTE | |||
r-oldrel-windows-x86_64 | 1.1.3 | 4.00 | 57.00 | 61.00 | NOTE |
Version: 1.1.3
Check: package subdirectories
Result: NOTE
Problems with news in ‘NEWS.md’:
No news entries found.
Flavors: r-devel-linux-x86_64-debian-clang, r-devel-linux-x86_64-debian-gcc, r-devel-linux-x86_64-fedora-clang, r-devel-linux-x86_64-fedora-gcc, r-devel-windows-x86_64, r-patched-linux-x86_64, r-release-linux-x86_64, r-release-macos-arm64, r-release-macos-x86_64, r-release-windows-x86_64, r-oldrel-macos-arm64, r-oldrel-macos-x86_64, r-oldrel-windows-x86_64