CRAN Package Check Results for Package Semblance

Last updated on 2024-04-13 07:53:18 CEST.

Flavor Version Tinstall Tcheck Ttotal Status Flags
r-devel-linux-x86_64-debian-clang 1.1.0 11.51 99.18 110.69 NOTE
r-devel-linux-x86_64-debian-gcc 1.1.0 9.65 71.65 81.30 NOTE
r-devel-linux-x86_64-fedora-clang 1.1.0 134.90 NOTE
r-devel-linux-x86_64-fedora-gcc 1.1.0 128.39 NOTE
r-devel-windows-x86_64 1.1.0 10.00 82.00 92.00 NOTE
r-patched-linux-x86_64 1.1.0 10.41 95.34 105.75 NOTE
r-release-linux-x86_64 1.1.0 13.76 94.95 108.71 NOTE
r-release-macos-arm64 1.1.0 47.00 NOTE
r-release-macos-x86_64 1.1.0 76.00 NOTE
r-release-windows-x86_64 1.1.0 13.00 96.00 109.00 NOTE
r-oldrel-macos-arm64 1.1.0 44.00 NOTE
r-oldrel-windows-x86_64 1.1.0 13.00 98.00 111.00 NOTE

Check Details

Version: 1.1.0
Check: LazyData
Result: NOTE 'LazyData' is specified without a 'data' directory Flavors: r-devel-linux-x86_64-debian-clang, r-devel-linux-x86_64-debian-gcc, r-devel-linux-x86_64-fedora-clang, r-devel-linux-x86_64-fedora-gcc, r-devel-windows-x86_64, r-patched-linux-x86_64, r-release-linux-x86_64, r-release-macos-arm64, r-release-macos-x86_64, r-release-windows-x86_64, r-oldrel-macos-arm64, r-oldrel-windows-x86_64