CRAN Package Check Results for Package Scalelink

Last updated on 2023-01-27 07:50:44 CET.

Flavor Version Tinstall Tcheck Ttotal Status Flags
r-devel-linux-x86_64-debian-clang 1.0 21.00 32.66 53.66 NOTE
r-devel-linux-x86_64-debian-gcc 1.0 17.01 25.76 42.77 NOTE
r-devel-linux-x86_64-fedora-clang 1.0 80.75 NOTE
r-devel-linux-x86_64-fedora-gcc 1.0 67.34 NOTE
r-devel-windows-x86_64 1.0 40.00 78.00 118.00 NOTE
r-patched-linux-x86_64 1.0 17.79 33.19 50.98 NOTE
r-release-linux-x86_64 1.0 15.93 32.07 48.00 NOTE
r-release-macos-arm64 1.0 27.00 NOTE
r-release-macos-x86_64 1.0 34.00 NOTE
r-release-windows-x86_64 1.0 27.00 83.00 110.00 NOTE
r-oldrel-macos-arm64 1.0 30.00 NOTE
r-oldrel-macos-x86_64 1.0 46.00 NOTE
r-oldrel-windows-ix86+x86_64 1.0 56.00 90.00 146.00 NOTE

Check Details

Version: 1.0
Check: for GNU extensions in Makefiles
Result: NOTE
    GNU make is a SystemRequirements.
Flavors: r-devel-linux-x86_64-debian-clang, r-devel-linux-x86_64-debian-gcc, r-devel-linux-x86_64-fedora-clang, r-devel-linux-x86_64-fedora-gcc, r-devel-windows-x86_64, r-patched-linux-x86_64, r-release-linux-x86_64, r-release-macos-arm64, r-release-macos-x86_64, r-release-windows-x86_64, r-oldrel-macos-arm64, r-oldrel-macos-x86_64, r-oldrel-windows-ix86+x86_64

Version: 1.0
Check: C++ specification
Result: NOTE
     Specified C++11: please update to current default of C++17
Flavors: r-devel-linux-x86_64-debian-gcc, r-devel-linux-x86_64-fedora-gcc