CRAN Package Check Results for Package Scalelink

Last updated on 2024-03-02 06:52:09 CET.

Flavor Version Tinstall Tcheck Ttotal Status Flags
r-devel-linux-x86_64-debian-clang 1.0 21.83 34.00 55.83 NOTE
r-devel-linux-x86_64-debian-gcc 1.0 17.35 26.08 43.43 NOTE
r-devel-linux-x86_64-fedora-clang 1.0 81.80 NOTE
r-devel-linux-x86_64-fedora-gcc 1.0 73.66 NOTE
r-devel-windows-x86_64 1.0 22.00 70.00 92.00 NOTE
r-patched-linux-x86_64 1.0 23.59 33.23 56.82 NOTE
r-release-linux-x86_64 1.0 24.13 32.87 57.00 NOTE
r-release-macos-arm64 1.0 26.00 NOTE
r-release-macos-x86_64 1.0 40.00 NOTE
r-release-windows-x86_64 1.0 20.00 75.00 95.00 NOTE
r-oldrel-macos-arm64 1.0 31.00 NOTE
r-oldrel-windows-x86_64 1.0 26.00 73.00 99.00 NOTE

Check Details

Version: 1.0
Check: C++ specification
Result: NOTE Specified C++11: please drop specification unless essential Flavors: r-devel-linux-x86_64-debian-clang, r-devel-linux-x86_64-debian-gcc, r-devel-linux-x86_64-fedora-clang, r-devel-linux-x86_64-fedora-gcc, r-devel-windows-x86_64, r-patched-linux-x86_64, r-release-linux-x86_64, r-release-macos-arm64, r-release-macos-x86_64, r-release-windows-x86_64

Version: 1.0
Check: for GNU extensions in Makefiles
Result: NOTE GNU make is a SystemRequirements. Flavors: r-devel-linux-x86_64-debian-clang, r-devel-linux-x86_64-debian-gcc, r-devel-linux-x86_64-fedora-clang, r-devel-linux-x86_64-fedora-gcc, r-devel-windows-x86_64, r-patched-linux-x86_64, r-release-linux-x86_64, r-release-macos-arm64, r-release-macos-x86_64, r-release-windows-x86_64, r-oldrel-macos-arm64, r-oldrel-windows-x86_64