Last updated on 2023-01-31 07:54:27 CET.
Flavor | Version | Tinstall | Tcheck | Ttotal | Status | Flags |
---|---|---|---|---|---|---|
r-devel-linux-x86_64-debian-clang | 1.0.0 | 9.33 | 154.45 | 163.78 | NOTE | |
r-devel-linux-x86_64-debian-gcc | 1.0.0 | 9.79 | 111.76 | 121.55 | NOTE | |
r-devel-linux-x86_64-fedora-clang | 1.0.0 | 197.09 | NOTE | |||
r-devel-linux-x86_64-fedora-gcc | 1.0.0 | 209.15 | NOTE | |||
r-devel-windows-x86_64 | 1.0.0 | 37.00 | 211.00 | 248.00 | NOTE | |
r-patched-linux-x86_64 | 1.0.0 | 12.78 | 144.70 | 157.48 | OK | |
r-release-linux-x86_64 | 1.0.0 | 8.00 | 149.51 | 157.51 | OK | |
r-release-macos-arm64 | 1.0.0 | 74.00 | OK | |||
r-release-macos-x86_64 | 1.0.0 | 134.00 | OK | |||
r-release-windows-x86_64 | 1.0.0 | 34.00 | 210.00 | 244.00 | OK | |
r-oldrel-macos-arm64 | 1.0.0 | 78.00 | OK | |||
r-oldrel-macos-x86_64 | 1.0.0 | 89.00 | OK | |||
r-oldrel-windows-ix86+x86_64 | 1.0.0 | 22.00 | 194.00 | 216.00 | OK |
Version: 1.0.0
Check: package subdirectories
Result: NOTE
Problems with news in ‘NEWS.md’:
Cannot extract version info from the following section titles:
Additional functions and data sets
Amendments to functions
Flavors: r-devel-linux-x86_64-debian-clang, r-devel-linux-x86_64-debian-gcc, r-devel-linux-x86_64-fedora-clang, r-devel-linux-x86_64-fedora-gcc, r-devel-windows-x86_64