Last updated on 2023-02-03 06:50:34 CET.
Flavor | Version | Tinstall | Tcheck | Ttotal | Status | Flags |
---|---|---|---|---|---|---|
r-devel-linux-x86_64-debian-clang | 1.1.0 | 53.71 | 484.83 | 538.54 | OK | |
r-devel-linux-x86_64-debian-gcc | 1.1.0 | 46.73 | 351.26 | 397.99 | OK | |
r-devel-linux-x86_64-fedora-clang | 1.1.0 | 654.54 | NOTE | |||
r-devel-linux-x86_64-fedora-gcc | 1.1.0 | 687.37 | OK | |||
r-devel-windows-x86_64 | 1.1.0 | 140.00 | 517.00 | 657.00 | OK | |
r-patched-linux-x86_64 | 1.1.0 | 53.77 | 458.48 | 512.25 | OK | |
r-release-linux-x86_64 | 1.1.0 | 46.40 | 477.63 | 524.03 | OK | |
r-release-macos-arm64 | 1.1.0 | 132.00 | OK | |||
r-release-macos-x86_64 | 1.1.0 | 251.00 | OK | |||
r-release-windows-x86_64 | 1.1.0 | 139.00 | 528.00 | 667.00 | OK | |
r-oldrel-macos-arm64 | 1.1.0 | 141.00 | OK | |||
r-oldrel-macos-x86_64 | 1.1.0 | 174.00 | OK | |||
r-oldrel-windows-ix86+x86_64 | 1.1.0 | 129.00 | 508.00 | 637.00 | OK |
Version: 1.1.0
Check: package dependencies
Result: NOTE
Imports includes 31 non-default packages.
Importing from so many packages makes the package vulnerable to any of
them becoming unavailable. Move as many as possible to Suggests and
use conditionally.
Flavor: r-devel-linux-x86_64-fedora-clang