CRAN Package Check Results for Package SP2000

Last updated on 2023-01-26 06:53:09 CET.

Flavor Version Tinstall Tcheck Ttotal Status Flags
r-devel-linux-x86_64-debian-clang 0.2.0 8.47 63.73 72.20 NOTE
r-devel-linux-x86_64-debian-gcc 0.2.0 6.30 46.46 52.76 NOTE
r-devel-linux-x86_64-fedora-clang 0.2.0 87.81 NOTE
r-devel-linux-x86_64-fedora-gcc 0.2.0 84.05 NOTE
r-devel-windows-x86_64 0.2.0 26.00 91.00 117.00 NOTE
r-patched-linux-x86_64 0.2.0 6.87 59.63 66.50 NOTE
r-release-linux-x86_64 0.2.0 5.20 60.77 65.97 NOTE
r-release-macos-arm64 0.2.0 26.00 NOTE
r-release-macos-x86_64 0.2.0 39.00 NOTE
r-release-windows-x86_64 0.2.0 18.00 92.00 110.00 NOTE
r-oldrel-macos-arm64 0.2.0 29.00 NOTE
r-oldrel-macos-x86_64 0.2.0 47.00 NOTE
r-oldrel-windows-ix86+x86_64 0.2.0 17.00 97.00 114.00 NOTE

Check Details

Version: 0.2.0
Check: LazyData
Result: NOTE
     'LazyData' is specified without a 'data' directory
Flavors: r-devel-linux-x86_64-debian-clang, r-devel-linux-x86_64-debian-gcc, r-devel-linux-x86_64-fedora-clang, r-devel-linux-x86_64-fedora-gcc, r-devel-windows-x86_64, r-patched-linux-x86_64, r-release-linux-x86_64, r-release-macos-arm64, r-release-macos-x86_64, r-release-windows-x86_64, r-oldrel-macos-arm64, r-oldrel-macos-x86_64, r-oldrel-windows-ix86+x86_64