CRAN Package Check Results for Package SLTCA

Last updated on 2023-01-30 09:54:26 CET.

Flavor Version Tinstall Tcheck Ttotal Status Flags
r-devel-linux-x86_64-debian-clang 0.1.0 4.01 44.72 48.73 NOTE
r-devel-linux-x86_64-debian-gcc 0.1.0 2.73 33.41 36.14 NOTE
r-devel-linux-x86_64-fedora-clang 0.1.0 60.43 NOTE
r-devel-linux-x86_64-fedora-gcc 0.1.0 60.59 NOTE
r-devel-windows-x86_64 0.1.0 12.00 78.00 90.00 NOTE
r-patched-linux-x86_64 0.1.0 3.36 44.49 47.85 NOTE
r-release-linux-x86_64 0.1.0 2.61 46.76 49.37 NOTE
r-release-macos-arm64 0.1.0 21.00 NOTE
r-release-macos-x86_64 0.1.0 34.00 NOTE
r-release-windows-x86_64 0.1.0 8.00 81.00 89.00 NOTE
r-oldrel-macos-arm64 0.1.0 26.00 NOTE
r-oldrel-macos-x86_64 0.1.0 40.00 NOTE
r-oldrel-windows-ix86+x86_64 0.1.0 9.00 68.00 77.00 NOTE

Check Details

Version: 0.1.0
Check: LazyData
Result: NOTE
     'LazyData' is specified without a 'data' directory
Flavors: r-devel-linux-x86_64-debian-clang, r-devel-linux-x86_64-debian-gcc, r-devel-linux-x86_64-fedora-clang, r-devel-linux-x86_64-fedora-gcc, r-devel-windows-x86_64, r-patched-linux-x86_64, r-release-linux-x86_64, r-release-macos-arm64, r-release-macos-x86_64, r-release-windows-x86_64, r-oldrel-macos-arm64, r-oldrel-macos-x86_64, r-oldrel-windows-ix86+x86_64