Last updated on 2023-09-28 08:02:02 CEST.
Flavor | Version | Tinstall | Tcheck | Ttotal | Status | Flags |
---|---|---|---|---|---|---|
r-devel-linux-x86_64-debian-clang | 0.5.0 | 192.96 | 178.17 | 371.13 | NOTE | |
r-devel-linux-x86_64-debian-gcc | 0.5.0 | 129.08 | 127.78 | 256.86 | NOTE | |
r-devel-linux-x86_64-fedora-clang | 0.5.0 | 524.94 | NOTE | |||
r-devel-linux-x86_64-fedora-gcc | 0.5.0 | 562.57 | NOTE | |||
r-devel-windows-x86_64 | 0.5.0 | 140.00 | 204.00 | 344.00 | NOTE | |
r-patched-linux-x86_64 | 0.5.0 | 137.71 | 175.70 | 313.41 | NOTE | |
r-release-linux-x86_64 | 0.5.0 | 149.51 | 175.16 | 324.67 | NOTE | |
r-release-macos-arm64 | 0.5.0 | 147.00 | NOTE | |||
r-release-macos-x86_64 | 0.5.0 | 236.00 | NOTE | |||
r-release-windows-x86_64 | 0.5.0 | 188.00 | 236.00 | 424.00 | NOTE | |
r-oldrel-macos-arm64 | 0.5.0 | 131.00 | NOTE | |||
r-oldrel-macos-x86_64 | 0.5.0 | 159.00 | NOTE | |||
r-oldrel-windows-x86_64 | 0.5.0 | 176.00 | 225.00 | 401.00 | OK |
Version: 0.5.0
Check: C++ specification
Result: NOTE
Specified C++11: please drop specification unless essential
Flavors: r-devel-linux-x86_64-debian-clang, r-devel-linux-x86_64-debian-gcc, r-devel-linux-x86_64-fedora-clang, r-devel-linux-x86_64-fedora-gcc, r-devel-windows-x86_64, r-patched-linux-x86_64, r-release-linux-x86_64, r-release-macos-arm64, r-release-macos-x86_64, r-release-windows-x86_64
Version: 0.5.0
Check: dependencies in R code
Result: NOTE
Namespaces in Imports field not imported from:
‘checkmate’ ‘glmnet’ ‘mice’
All declared Imports should be used.
Flavors: r-devel-linux-x86_64-fedora-clang, r-devel-linux-x86_64-fedora-gcc, r-oldrel-macos-arm64, r-oldrel-macos-x86_64
Version: 0.5.0
Check: installed package size
Result: NOTE
installed size is 9.4Mb
sub-directories of 1Mb or more:
libs 8.9Mb
Flavors: r-release-macos-arm64, r-release-macos-x86_64, r-oldrel-macos-arm64, r-oldrel-macos-x86_64
Version: 0.5.0
Check: package dependencies
Result: NOTE
Package suggested but not available for checking: ‘caret’
Flavor: r-release-macos-x86_64
Version: 0.5.0
Check: Rd cross-references
Result: NOTE
Package unavailable to check Rd xrefs: ‘caret’
Flavor: r-release-macos-x86_64