Last updated on 2023-02-05 07:57:36 CET.
Flavor | Version | Tinstall | Tcheck | Ttotal | Status | Flags |
---|---|---|---|---|---|---|
r-devel-linux-x86_64-debian-clang | 0.1.8 | 163.45 | 115.49 | 278.94 | NOTE | |
r-devel-linux-x86_64-debian-gcc | 0.1.8 | 114.23 | 84.47 | 198.70 | NOTE | |
r-devel-linux-x86_64-fedora-clang | 0.1.8 | 386.95 | NOTE | |||
r-devel-linux-x86_64-fedora-gcc | 0.1.8 | 335.11 | NOTE | |||
r-devel-windows-x86_64 | 0.1.8 | 138.00 | 185.00 | 323.00 | NOTE | |
r-patched-linux-x86_64 | 0.1.8 | 137.14 | 105.22 | 242.36 | OK | |
r-release-linux-x86_64 | 0.1.8 | 132.29 | 105.50 | 237.79 | OK | |
r-release-macos-arm64 | 0.1.8 | 84.00 | ERROR | |||
r-release-macos-x86_64 | 0.1.8 | 117.00 | ERROR | |||
r-release-windows-x86_64 | 0.1.8 | 138.00 | 177.00 | 315.00 | OK | |
r-oldrel-macos-arm64 | 0.1.8 | 78.00 | ERROR | |||
r-oldrel-macos-x86_64 | 0.1.8 | 113.00 | ERROR | |||
r-oldrel-windows-ix86+x86_64 | 0.1.8 | 378.00 | 199.00 | 577.00 | ERROR |
Version: 0.1.8
Check: C++ specification
Result: NOTE
Specified C++11: please update to current default of C++17
Flavors: r-devel-linux-x86_64-debian-clang, r-devel-linux-x86_64-debian-gcc, r-devel-linux-x86_64-fedora-clang, r-devel-linux-x86_64-fedora-gcc, r-devel-windows-x86_64
Version: 0.1.8
Check: PDF version of manual
Result: WARN
LaTeX errors when creating PDF version.
This typically indicates Rd problems.
LaTeX errors found:
! Undefined control sequence.
<argument> X \in \mathbb
{R}{n\times p}
l.3264 ...data \eqn{X \in \mathbb{R}{n\times p}}{}
such that its rows are
! Undefined control sequence.
<argument> ...Delta _{p-1} =\lbrace z \in \mathbb
{R}^p~|~z_j > 0, \sum _{i=...
l.3267 }{}
test whether the data is uniformly distributed.
Flavors: r-release-macos-arm64, r-release-macos-x86_64
Version: 0.1.8
Check: PDF version of manual without index
Result: ERROR
Flavors: r-release-macos-arm64, r-release-macos-x86_64
Version: 0.1.8
Check: PDF version of manual
Result: WARN
LaTeX errors when creating PDF version.
This typically indicates Rd problems.
LaTeX errors found:
! Undefined control sequence.
<argument> X \in \mathbb
{R}{n\times p}
l.3262 ...data \eqn{X \in \mathbb{R}{n\times p}}{}
such that its rows are
! Undefined control sequence.
<argument> ...Delta _{p-1} =\lbrace z \in \mathbb
{R}^p~|~z_j > 0, \sum _{i=...
l.3265 }{}
test whether the data is uniformly distributed.
Flavors: r-oldrel-macos-arm64, r-oldrel-macos-x86_64, r-oldrel-windows-ix86+x86_64
Version: 0.1.8
Check: PDF version of manual without hyperrefs or index
Result: ERROR
Flavors: r-oldrel-macos-arm64, r-oldrel-macos-x86_64, r-oldrel-windows-ix86+x86_64