Last updated on 2023-02-07 07:54:14 CET.
Flavor | Version | Tinstall | Tcheck | Ttotal | Status | Flags |
---|---|---|---|---|---|---|
r-devel-linux-x86_64-debian-clang | 26.0-0.0 | 70.74 | 65.39 | 136.13 | OK | |
r-devel-linux-x86_64-debian-gcc | 26.0-0.0 | 68.08 | 49.70 | 117.78 | OK | |
r-devel-linux-x86_64-fedora-clang | 26.0-0.0 | 189.06 | NOTE | |||
r-devel-linux-x86_64-fedora-gcc | 26.0-0.0 | 200.06 | OK | |||
r-devel-windows-x86_64 | 26.0-0.0 | 79.00 | 94.00 | 173.00 | NOTE | |
r-patched-linux-x86_64 | 26.0-0.0 | 71.07 | 59.94 | 131.01 | OK | |
r-release-linux-x86_64 | 26.0-0.0 | 69.58 | 60.92 | 130.50 | OK | |
r-release-macos-arm64 | 26.0-0.0 | 78.00 | NOTE | |||
r-release-macos-x86_64 | 26.0-0.0 | 87.00 | NOTE | |||
r-release-windows-x86_64 | 26.0-0.0 | 73.00 | 100.00 | 173.00 | NOTE | |
r-oldrel-macos-arm64 | 26.0-0.0 | 80.00 | NOTE | |||
r-oldrel-macos-x86_64 | 26.0-0.0 | 91.00 | NOTE | |||
r-oldrel-windows-ix86+x86_64 | 26.0-0.0 | 109.00 | 98.00 | 207.00 | NOTE |
Version: 26.0-0.0
Check: installed package size
Result: NOTE
installed size is 6.9Mb
sub-directories of 1Mb or more:
data 6.7Mb
Flavors: r-devel-linux-x86_64-fedora-clang, r-devel-windows-x86_64, r-release-macos-arm64, r-release-macos-x86_64, r-release-windows-x86_64, r-oldrel-macos-arm64, r-oldrel-macos-x86_64, r-oldrel-windows-ix86+x86_64