Last updated on 2023-02-03 06:50:33 CET.
Flavor | Version | Tinstall | Tcheck | Ttotal | Status | Flags |
---|---|---|---|---|---|---|
r-devel-linux-x86_64-debian-clang | 2.0-0.0 | 75.37 | 329.50 | 404.87 | OK | |
r-devel-linux-x86_64-debian-gcc | 2.0-0.0 | 51.17 | 237.39 | 288.56 | OK | |
r-devel-linux-x86_64-fedora-clang | 2.0-0.0 | 477.70 | NOTE | |||
r-devel-linux-x86_64-fedora-gcc | 2.0-0.0 | 503.09 | OK | |||
r-devel-windows-x86_64 | 2.0-0.0 | 88.00 | 349.00 | 437.00 | NOTE | |
r-patched-linux-x86_64 | 2.0-0.0 | 63.64 | 301.72 | 365.36 | OK | |
r-release-linux-x86_64 | 2.0-0.0 | 51.47 | 293.04 | 344.51 | OK | |
r-release-macos-arm64 | 2.0-0.0 | 106.00 | NOTE | |||
r-release-macos-x86_64 | 2.0-0.0 | 144.00 | NOTE | |||
r-release-windows-x86_64 | 2.0-0.0 | 80.00 | 336.00 | 416.00 | NOTE | |
r-oldrel-macos-arm64 | 2.0-0.0 | 107.00 | NOTE | |||
r-oldrel-macos-x86_64 | 2.0-0.0 | 148.00 | NOTE | |||
r-oldrel-windows-ix86+x86_64 | 2.0-0.0 | 112.00 | 323.00 | 435.00 | NOTE |
Version: 2.0-0.0
Check: package dependencies
Result: NOTE
Imports includes 22 non-default packages.
Importing from so many packages makes the package vulnerable to any of
them becoming unavailable. Move as many as possible to Suggests and
use conditionally.
Flavor: r-devel-linux-x86_64-fedora-clang
Version: 2.0-0.0
Check: installed package size
Result: NOTE
installed size is 7.4Mb
sub-directories of 1Mb or more:
R 1.3Mb
doc 5.0Mb
Flavors: r-devel-linux-x86_64-fedora-clang, r-devel-windows-x86_64, r-release-macos-arm64, r-release-macos-x86_64, r-release-windows-x86_64, r-oldrel-macos-arm64, r-oldrel-macos-x86_64, r-oldrel-windows-ix86+x86_64