Last updated on 2023-10-01 08:52:10 CEST.
Flavor | Version | Tinstall | Tcheck | Ttotal | Status | Flags |
---|---|---|---|---|---|---|
r-devel-linux-x86_64-debian-clang | 1.0-3 | 3.54 | 32.25 | 35.79 | NOTE | |
r-devel-linux-x86_64-debian-gcc | 1.0-3 | 3.03 | 24.43 | 27.46 | NOTE | |
r-devel-linux-x86_64-fedora-clang | 1.0-3 | 43.59 | NOTE | |||
r-devel-linux-x86_64-fedora-gcc | 1.0-3 | 45.37 | NOTE | |||
r-devel-windows-x86_64 | 1.0-3 | 7.00 | 51.00 | 58.00 | NOTE | |
r-patched-linux-x86_64 | 1.0-3 | 3.40 | 31.10 | 34.50 | NOTE | |
r-release-linux-x86_64 | 1.0-3 | 3.53 | 31.58 | 35.11 | NOTE | |
r-release-macos-arm64 | 1.0-3 | 19.00 | NOTE | |||
r-release-macos-x86_64 | 1.0-3 | 27.00 | NOTE | |||
r-release-windows-x86_64 | 1.0-3 | 6.00 | 52.00 | 58.00 | NOTE | |
r-oldrel-macos-arm64 | 1.0-3 | 19.00 | OK | |||
r-oldrel-macos-x86_64 | 1.0-3 | 25.00 | OK | |||
r-oldrel-windows-x86_64 | 1.0-3 | 8.00 | 53.00 | 61.00 | OK |
Version: 1.0-3
Check: Rd \usage sections
Result: NOTE
S3 methods shown with full name in documentation object 'min.abs':
‘min.abs’
The \usage entries for S3 methods should use the \method markup and not
their full name.
See chapter ‘Writing R documentation files’ in the ‘Writing R
Extensions’ manual.
Flavors: r-devel-linux-x86_64-debian-clang, r-devel-linux-x86_64-debian-gcc, r-devel-linux-x86_64-fedora-clang, r-devel-linux-x86_64-fedora-gcc, r-devel-windows-x86_64, r-patched-linux-x86_64, r-release-linux-x86_64, r-release-macos-arm64, r-release-macos-x86_64, r-release-windows-x86_64